Last updated on 2025-10-31 02:50:33 CET.
| Flavor | Version | Tinstall | Tcheck | Ttotal | Status | Flags | 
|---|---|---|---|---|---|---|
| r-devel-linux-x86_64-debian-clang | 1.8.3 | 8.50 | 77.12 | 85.62 | NOTE | |
| r-devel-linux-x86_64-debian-gcc | 1.8.3 | 5.38 | 55.38 | 60.76 | NOTE | |
| r-devel-linux-x86_64-fedora-clang | 1.8.3 | 34.00 | 104.06 | 138.06 | NOTE | |
| r-devel-linux-x86_64-fedora-gcc | 1.8.3 | 17.00 | 100.92 | 117.92 | NOTE | |
| r-devel-windows-x86_64 | 1.8.3 | 10.00 | 84.00 | 94.00 | NOTE | |
| r-patched-linux-x86_64 | 1.8.3 | 8.78 | 73.45 | 82.23 | NOTE | |
| r-release-linux-x86_64 | 1.8.3 | 8.16 | 72.81 | 80.97 | NOTE | |
| r-release-macos-arm64 | 1.8.3 | 3.00 | 32.00 | 35.00 | NOTE | |
| r-release-macos-x86_64 | 1.8.3 | 8.00 | 56.00 | 64.00 | NOTE | |
| r-release-windows-x86_64 | 1.8.3 | 10.00 | 92.00 | 102.00 | NOTE | |
| r-oldrel-macos-arm64 | 1.8.3 | 4.00 | 32.00 | 36.00 | NOTE | |
| r-oldrel-macos-x86_64 | 1.8.3 | 6.00 | 43.00 | 49.00 | NOTE | |
| r-oldrel-windows-x86_64 | 1.8.3 | 14.00 | 103.00 | 117.00 | NOTE | 
Version: 1.8.3
Check: CRAN incoming feasibility
Result: NOTE
  Maintainer: ‘Angelos Markos <amarkos@gmail.com>’
  
  No Authors@R field in DESCRIPTION.
  Please add one, modifying
    Authors@R: c(person(given = c("Alfonso", "Iodice", "D'"),
                        family = "Enza",
                        role = "aut"),
                 person(given = "Angelos",
                        family = "Markos",
                        role = c("aut", "cre"),
                        email = "amarkos@gmail.com"),
                 person(given = "Davide",
                        family = "Buttarazzi",
                        role = "ctb"))
  as necessary.
Flavors: r-devel-linux-x86_64-debian-clang, r-devel-linux-x86_64-debian-gcc
Version: 1.8.3
Check: Rd files
Result: NOTE
  checkRd: (-1) add_es.Rd:16: Lost braces; missing escapes or markup?
      16 | \code{u} {Left eigenvectors} \cr
         |          ^
  checkRd: (-1) add_es.Rd:17: Lost braces; missing escapes or markup?
      17 | \code{v} {Right eigenvectors} \cr
         |          ^
  checkRd: (-1) add_es.Rd:18: Lost braces; missing escapes or markup?
      18 | \code{m} {Number of cases} \cr
         |          ^
  checkRd: (-1) add_es.Rd:19: Lost braces; missing escapes or markup?
      19 | \code{d} {Eigenvalues} \cr
         |          ^
  checkRd: (-1) add_es.Rd:20: Lost braces; missing escapes or markup?
      20 | \code{orgn} {Data mean} \cr
         |             ^
  checkRd: (-1) add_es.Rd:24: Lost braces; missing escapes or markup?
      24 | \code{u} {Left eigenvectors} \cr
         |          ^
  checkRd: (-1) add_es.Rd:25: Lost braces; missing escapes or markup?
      25 | \code{v} {Right eigenvectors} \cr
         |          ^
  checkRd: (-1) add_es.Rd:26: Lost braces; missing escapes or markup?
      26 | \code{m} {Number of cases} \cr
         |          ^
  checkRd: (-1) add_es.Rd:27: Lost braces; missing escapes or markup?
      27 | \code{d} {Eigenvalues} \cr
         |          ^
  checkRd: (-1) add_es.Rd:28: Lost braces; missing escapes or markup?
      28 | \code{orgn} {Data mean} \cr
         |             ^
  checkRd: (-1) i_pca.Rd:24: Lost braces; missing escapes or markup?
      24 | \code{u} {Left eigenvectors} \cr
         |          ^
  checkRd: (-1) i_pca.Rd:25: Lost braces; missing escapes or markup?
      25 | \code{v} {Right eigenvectors} \cr
         |          ^
  checkRd: (-1) i_pca.Rd:26: Lost braces; missing escapes or markup?
      26 | \code{m} {Number of cases} \cr
         |          ^
  checkRd: (-1) i_pca.Rd:27: Lost braces; missing escapes or markup?
      27 | \code{d} {Eigenvalues} \cr
         |          ^
  checkRd: (-1) i_pca.Rd:28: Lost braces; missing escapes or markup?
      28 | \code{orgn} {Data mean} \cr}
         |             ^
  checkRd: (-1) update.i_pca.Rd:24: Lost braces; missing escapes or markup?
      24 | \code{u} {Left eigenvectors} \cr
         |          ^
  checkRd: (-1) update.i_pca.Rd:25: Lost braces; missing escapes or markup?
      25 | \code{v} {Right eigenvectors} \cr
         |          ^
  checkRd: (-1) update.i_pca.Rd:26: Lost braces; missing escapes or markup?
      26 | \code{m} {Number of cases} \cr
         |          ^
  checkRd: (-1) update.i_pca.Rd:27: Lost braces; missing escapes or markup?
      27 | \code{d} {Eigenvalues} \cr
         |          ^
  checkRd: (-1) update.i_pca.Rd:28: Lost braces; missing escapes or markup?
      28 | \code{orgn} {Data mean} \cr}
         |             ^
Flavors: r-devel-linux-x86_64-debian-clang, r-devel-linux-x86_64-debian-gcc, r-devel-linux-x86_64-fedora-clang, r-devel-linux-x86_64-fedora-gcc, r-devel-windows-x86_64, r-patched-linux-x86_64, r-release-linux-x86_64, r-release-macos-arm64, r-release-macos-x86_64, r-release-windows-x86_64, r-oldrel-macos-arm64, r-oldrel-macos-x86_64, r-oldrel-windows-x86_64