Last updated on 2025-10-31 02:50:33 CET.
| Flavor | Version | Tinstall | Tcheck | Ttotal | Status | Flags | 
|---|---|---|---|---|---|---|
| r-devel-linux-x86_64-debian-clang | 1.0 | 2.63 | 25.90 | 28.53 | NOTE | |
| r-devel-linux-x86_64-debian-gcc | 1.0 | 1.84 | 20.62 | 22.46 | NOTE | |
| r-devel-linux-x86_64-fedora-clang | 1.0 | 45.66 | NOTE | |||
| r-devel-linux-x86_64-fedora-gcc | 1.0 | 39.87 | NOTE | |||
| r-devel-windows-x86_64 | 1.0 | 4.00 | 44.00 | 48.00 | NOTE | |
| r-patched-linux-x86_64 | 1.0 | 2.36 | 24.76 | 27.12 | NOTE | |
| r-release-linux-x86_64 | 1.0 | 2.68 | 24.68 | 27.36 | NOTE | |
| r-release-macos-arm64 | 1.0 | 2.00 | 19.00 | 21.00 | NOTE | |
| r-release-macos-x86_64 | 1.0 | 2.00 | 24.00 | 26.00 | NOTE | |
| r-release-windows-x86_64 | 1.0 | 5.00 | 46.00 | 51.00 | NOTE | |
| r-oldrel-macos-arm64 | 1.0 | 1.00 | 18.00 | 19.00 | NOTE | |
| r-oldrel-macos-x86_64 | 1.0 | 2.00 | 27.00 | 29.00 | NOTE | |
| r-oldrel-windows-x86_64 | 1.0 | 5.00 | 49.00 | 54.00 | NOTE | 
Version: 1.0
Check: CRAN incoming feasibility
Result: NOTE
  Maintainer: ‘Sean J Westwood <seanjw@stanford.edu>’
  
  No Authors@R field in DESCRIPTION.
  Please add one, modifying
    Authors@R: person(given = c("Sean", "J"),
                      family = "Westwood",
                      role = c("aut", "cre"),
                      email = "seanjw@stanford.edu")
  as necessary.
Flavors: r-devel-linux-x86_64-debian-clang, r-devel-linux-x86_64-debian-gcc
Version: 1.0
Check: DESCRIPTION meta-information
Result: NOTE
  Malformed Description field: should contain one or more complete sentences.
Flavors: r-devel-linux-x86_64-debian-clang, r-devel-linux-x86_64-debian-gcc, r-devel-linux-x86_64-fedora-clang, r-devel-linux-x86_64-fedora-gcc, r-devel-windows-x86_64, r-patched-linux-x86_64, r-release-linux-x86_64, r-release-macos-arm64, r-release-macos-x86_64, r-release-windows-x86_64, r-oldrel-macos-arm64, r-oldrel-macos-x86_64, r-oldrel-windows-x86_64