Last updated on 2025-10-30 02:49:04 CET.
| Flavor | Version | Tinstall | Tcheck | Ttotal | Status | Flags | 
|---|---|---|---|---|---|---|
| r-devel-linux-x86_64-debian-clang | 1.2.1 | 5.77 | 52.70 | 58.47 | NOTE | |
| r-devel-linux-x86_64-debian-gcc | 1.2.1 | 4.15 | 38.00 | 42.15 | NOTE | |
| r-devel-linux-x86_64-fedora-clang | 1.2.1 | 25.00 | 67.88 | 92.88 | OK | |
| r-devel-linux-x86_64-fedora-gcc | 1.2.1 | 12.00 | 68.15 | 80.15 | OK | |
| r-devel-windows-x86_64 | 1.2.1 | 7.00 | 63.00 | 70.00 | OK | |
| r-patched-linux-x86_64 | 1.2.1 | 5.09 | 48.86 | 53.95 | OK | |
| r-release-linux-x86_64 | 1.2.1 | 5.56 | 48.52 | 54.08 | OK | |
| r-release-macos-arm64 | 1.2.1 | 2.00 | 38.00 | 40.00 | OK | |
| r-release-macos-x86_64 | 1.2.1 | 6.00 | 55.00 | 61.00 | OK | |
| r-release-windows-x86_64 | 1.2.1 | 8.00 | 66.00 | 74.00 | OK | |
| r-oldrel-macos-arm64 | 1.2.1 | 3.00 | 35.00 | 38.00 | NOTE | |
| r-oldrel-macos-x86_64 | 1.2.1 | 5.00 | 43.00 | 48.00 | NOTE | |
| r-oldrel-windows-x86_64 | 1.2.1 | 10.00 | 79.00 | 89.00 | NOTE | 
Version: 1.2.1
Check: CRAN incoming feasibility
Result: NOTE
  Maintainer: ‘Kostas Vasilopoulos <k.vasilopoulo@gmail.com>’
  
  Package CITATION file contains call(s) to old-style personList() or
  as.personList().  Please use c() on person objects instead.
  Package CITATION file contains call(s) to old-style citEntry().  Please
  use bibentry() instead.
Flavors: r-devel-linux-x86_64-debian-clang, r-devel-linux-x86_64-debian-gcc
Version: 1.2.1
Check: LazyData
Result: NOTE
    'LazyData' is specified without a 'data' directory
Flavors: r-oldrel-macos-arm64, r-oldrel-macos-x86_64, r-oldrel-windows-x86_64