Last updated on 2025-10-30 02:49:04 CET.
| Flavor | Version | Tinstall | Tcheck | Ttotal | Status | Flags | 
|---|---|---|---|---|---|---|
| r-devel-linux-x86_64-debian-clang | 1.2.1 | 54.97 | 372.76 | 427.73 | OK | |
| r-devel-linux-x86_64-debian-gcc | 1.2.1 | 41.27 | 273.67 | 314.94 | OK | |
| r-devel-linux-x86_64-fedora-clang | 1.2.1 | 430.00 | 287.75 | 717.75 | OK | |
| r-devel-linux-x86_64-fedora-gcc | 1.2.1 | 276.00 | 440.28 | 716.28 | OK | |
| r-devel-windows-x86_64 | 1.2.1 | 57.00 | 312.00 | 369.00 | OK | |
| r-patched-linux-x86_64 | 1.2.1 | 0.35 | 1.89 | 2.24 | ERROR | |
| r-release-linux-x86_64 | 1.2.1 | 54.92 | 356.54 | 411.46 | OK | |
| r-release-macos-arm64 | 1.2.1 | 28.00 | 148.00 | 176.00 | OK | |
| r-release-macos-x86_64 | 1.2.1 | 49.00 | 267.00 | 316.00 | OK | |
| r-release-windows-x86_64 | 1.2.1 | 56.00 | 310.00 | 366.00 | OK | |
| r-oldrel-macos-arm64 | 1.2.1 | 32.00 | 128.00 | 160.00 | OK | |
| r-oldrel-macos-x86_64 | 1.2.1 | 39.00 | 159.00 | 198.00 | OK | |
| r-oldrel-windows-x86_64 | 1.2.1 | 79.00 | 417.00 | 496.00 | OK | 
Version: 1.2.1
Check: package dependencies
Result: ERROR
  Package required but not available: ‘GenomicAlignments’
  
  See section ‘The DESCRIPTION file’ in the ‘Writing R Extensions’
  manual.
Flavor: r-patched-linux-x86_64