Last updated on 2025-07-24 02:52:15 CEST.
Flavor | Version | Tinstall | Tcheck | Ttotal | Status | Flags |
---|---|---|---|---|---|---|
r-devel-linux-x86_64-debian-clang | 0.1 | 6.10 | 74.08 | 80.18 | NOTE | |
r-devel-linux-x86_64-debian-gcc | 0.1 | 5.03 | 54.91 | 59.94 | NOTE | |
r-devel-linux-x86_64-fedora-clang | 0.1 | 120.47 | NOTE | |||
r-devel-linux-x86_64-fedora-gcc | 0.1 | 124.41 | NOTE | |||
r-devel-windows-x86_64 | 0.1 | 9.00 | 82.00 | 91.00 | NOTE | |
r-patched-linux-x86_64 | 0.1 | 6.93 | 69.48 | 76.41 | NOTE | |
r-release-linux-x86_64 | 0.1 | 6.63 | 68.78 | 75.41 | NOTE | |
r-release-macos-arm64 | 0.1 | 49.00 | NOTE | |||
r-release-macos-x86_64 | 0.1 | 79.00 | NOTE | |||
r-release-windows-x86_64 | 0.1 | 9.00 | 84.00 | 93.00 | NOTE | |
r-oldrel-macos-arm64 | 0.1 | 43.00 | NOTE | |||
r-oldrel-macos-x86_64 | 0.1 | 68.00 | NOTE | |||
r-oldrel-windows-x86_64 | 0.1 | 11.00 | 104.00 | 115.00 | NOTE |
Version: 0.1
Check: Rd files
Result: NOTE
checkRd: (-1) make_likelihood_matrix.Rd:16: Lost braces; missing escapes or markup?
16 | This function creates a matrix such that P[t, s] = P(C = t | I = s) = theta_{t-s} for s <= t and 0 otherwise.
| ^
Flavors: r-devel-linux-x86_64-debian-clang, r-devel-linux-x86_64-debian-gcc, r-devel-linux-x86_64-fedora-clang, r-devel-linux-x86_64-fedora-gcc, r-devel-windows-x86_64, r-patched-linux-x86_64, r-release-linux-x86_64, r-release-macos-arm64, r-release-macos-x86_64, r-release-windows-x86_64, r-oldrel-macos-arm64, r-oldrel-macos-x86_64, r-oldrel-windows-x86_64