Last updated on 2025-10-31 02:50:34 CET.
| Flavor | Version | Tinstall | Tcheck | Ttotal | Status | Flags | 
|---|---|---|---|---|---|---|
| r-devel-linux-x86_64-debian-clang | 0.0.1 | 3.65 | 35.93 | 39.58 | NOTE | |
| r-devel-linux-x86_64-debian-gcc | 0.0.1 | 2.61 | 27.82 | 30.43 | NOTE | |
| r-devel-linux-x86_64-fedora-clang | 0.0.1 | 17.00 | 45.96 | 62.96 | OK | |
| r-devel-linux-x86_64-fedora-gcc | 0.0.1 | 55.29 | OK | |||
| r-devel-windows-x86_64 | 0.0.1 | 6.00 | 56.00 | 62.00 | OK | |
| r-patched-linux-x86_64 | 0.0.1 | 3.53 | 34.30 | 37.83 | OK | |
| r-release-linux-x86_64 | 0.0.1 | 3.69 | 34.04 | 37.73 | OK | |
| r-release-macos-arm64 | 0.0.1 | 2.00 | 26.00 | 28.00 | OK | |
| r-release-macos-x86_64 | 0.0.1 | 3.00 | 38.00 | 41.00 | OK | |
| r-release-windows-x86_64 | 0.0.1 | 5.00 | 58.00 | 63.00 | OK | |
| r-oldrel-macos-arm64 | 0.0.1 | 2.00 | 19.00 | 21.00 | NOTE | |
| r-oldrel-macos-x86_64 | 0.0.1 | 3.00 | 29.00 | 32.00 | NOTE | |
| r-oldrel-windows-x86_64 | 0.0.1 | 7.00 | 65.00 | 72.00 | NOTE | 
Version: 0.0.1
Check: CRAN incoming feasibility
Result: NOTE
  Maintainer: ‘Bastian Becker <bastian.becker@bayer.com>’
  
  No Authors@R field in DESCRIPTION.
  Please add one, modifying
    Authors@R: c(person(given = "Bastian",
                        family = "Becker",
                        role = c("aut", "cre"),
                        email = "bastian.becker@bayer.com"),
                 person(given = "Katharina",
                        family = "Mueller",
                        role = "aut"),
                 person(given = "Hermann",
                        family = "Kulmann",
                        role = "aut"))
  as necessary.
Flavors: r-devel-linux-x86_64-debian-clang, r-devel-linux-x86_64-debian-gcc
Version: 0.0.1
Check: LazyData
Result: NOTE
    'LazyData' is specified without a 'data' directory
Flavors: r-oldrel-macos-arm64, r-oldrel-macos-x86_64, r-oldrel-windows-x86_64