Last updated on 2025-10-31 02:50:34 CET.
| Flavor | Version | Tinstall | Tcheck | Ttotal | Status | Flags | 
|---|---|---|---|---|---|---|
| r-devel-linux-x86_64-debian-clang | 2.2.2 | 2.55 | 26.54 | 29.09 | NOTE | |
| r-devel-linux-x86_64-debian-gcc | 2.2.2 | 1.86 | 21.08 | 22.94 | NOTE | |
| r-devel-linux-x86_64-fedora-clang | 2.2.2 | 11.00 | 33.51 | 44.51 | OK | |
| r-devel-linux-x86_64-fedora-gcc | 2.2.2 | 37.72 | OK | |||
| r-devel-windows-x86_64 | 2.2.2 | 5.00 | 44.00 | 49.00 | OK | |
| r-patched-linux-x86_64 | 2.2.2 | 2.88 | 24.68 | 27.56 | OK | |
| r-release-linux-x86_64 | 2.2.2 | 2.52 | 24.98 | 27.50 | OK | |
| r-release-macos-arm64 | 2.2.2 | 2.00 | 20.00 | 22.00 | OK | |
| r-release-macos-x86_64 | 2.2.2 | 2.00 | 30.00 | 32.00 | OK | |
| r-release-windows-x86_64 | 2.2.2 | 5.00 | 46.00 | 51.00 | OK | |
| r-oldrel-macos-arm64 | 2.2.2 | 1.00 | 16.00 | 17.00 | OK | |
| r-oldrel-macos-x86_64 | 2.2.2 | 2.00 | 23.00 | 25.00 | OK | |
| r-oldrel-windows-x86_64 | 2.2.2 | 6.00 | 52.00 | 58.00 | OK | 
Version: 2.2.2
Check: CRAN incoming feasibility
Result: NOTE
  Maintainer: ‘Jan Budczies <jan.budczies@med.uni-heidelberg.de>’
  
  No Authors@R field in DESCRIPTION.
  Please add one, modifying
    Authors@R: c(person(given = "Jan",
                        family = "Budczies",
                        role = c("aut", "cre"),
                        email = "jan.budczies@med.uni-heidelberg.de"),
                 person(given = "Eva",
                        family = "Romanovsky",
                        role = "aut"))
  as necessary.
Flavors: r-devel-linux-x86_64-debian-clang, r-devel-linux-x86_64-debian-gcc