Last updated on 2025-10-31 02:50:34 CET.
| Flavor | Version | Tinstall | Tcheck | Ttotal | Status | Flags | 
|---|---|---|---|---|---|---|
| r-devel-linux-x86_64-debian-clang | 1.0.2 | 1.84 | 17.88 | 19.72 | NOTE | |
| r-devel-linux-x86_64-debian-gcc | 1.0.2 | 1.74 | 15.23 | 16.97 | NOTE | |
| r-devel-linux-x86_64-fedora-clang | 1.0.2 | 30.50 | OK | |||
| r-devel-linux-x86_64-fedora-gcc | 1.0.2 | 27.00 | OK | |||
| r-devel-windows-x86_64 | 1.0.2 | 5.00 | 36.00 | 41.00 | OK | |
| r-patched-linux-x86_64 | 1.0.2 | 2.10 | 16.79 | 18.89 | OK | |
| r-release-linux-x86_64 | 1.0.2 | 2.04 | 16.63 | 18.67 | OK | |
| r-release-macos-arm64 | 1.0.2 | 3.00 | 14.00 | 17.00 | OK | |
| r-release-macos-x86_64 | 1.0.2 | 4.00 | 20.00 | 24.00 | OK | |
| r-release-windows-x86_64 | 1.0.2 | 6.00 | 41.00 | 47.00 | OK | |
| r-oldrel-macos-arm64 | 1.0.2 | 2.00 | 14.00 | 16.00 | OK | |
| r-oldrel-macos-x86_64 | 1.0.2 | 3.00 | 17.00 | 20.00 | OK | |
| r-oldrel-windows-x86_64 | 1.0.2 | 5.00 | 36.00 | 41.00 | OK | 
Version: 1.0.2
Check: CRAN incoming feasibility
Result: NOTE
  Maintainer: ‘Alexander W Blocker <ablocker@gmail.com>’
  
  No Authors@R field in DESCRIPTION.
  Please add one, modifying
    Authors@R: person(given = c("Alexander", "W"),
                      family = "Blocker",
                      role = c("aut", "cre"),
                      email = "ablocker@gmail.com")
  as necessary.
Flavors: r-devel-linux-x86_64-debian-clang, r-devel-linux-x86_64-debian-gcc