Last updated on 2025-10-30 02:49:04 CET.
| Flavor | Version | Tinstall | Tcheck | Ttotal | Status | Flags | 
|---|---|---|---|---|---|---|
| r-devel-linux-x86_64-debian-clang | 1.0.0 | 5.19 | 177.76 | 182.95 | OK | |
| r-devel-linux-x86_64-debian-gcc | 1.0.0 | 3.89 | 132.09 | 135.98 | OK | |
| r-devel-linux-x86_64-fedora-clang | 1.0.0 | 23.00 | 228.79 | 251.79 | OK | |
| r-devel-linux-x86_64-fedora-gcc | 1.0.0 | 12.00 | 253.86 | 265.86 | OK | |
| r-devel-windows-x86_64 | 1.0.0 | 8.00 | 135.00 | 143.00 | OK | |
| r-patched-linux-x86_64 | 1.0.0 | 5.12 | 172.54 | 177.66 | OK | |
| r-release-linux-x86_64 | 1.0.0 | 5.52 | 173.28 | 178.80 | OK | |
| r-release-macos-arm64 | 1.0.0 | 3.00 | 78.00 | 81.00 | OK | |
| r-release-macos-x86_64 | 1.0.0 | 4.00 | 110.00 | 114.00 | OK | |
| r-release-windows-x86_64 | 1.0.0 | 8.00 | 134.00 | 142.00 | OK | |
| r-oldrel-macos-arm64 | 1.0.0 | 3.00 | 58.00 | 61.00 | NOTE | |
| r-oldrel-macos-x86_64 | 1.0.0 | 4.00 | 92.00 | 96.00 | NOTE | |
| r-oldrel-windows-x86_64 | 1.0.0 | 11.00 | 170.00 | 181.00 | NOTE | 
Version: 1.0.0
Check: installed package size
Result: NOTE
    installed size is  5.6Mb
    sub-directories of 1Mb or more:
      doc   5.2Mb
Flavors: r-oldrel-macos-arm64, r-oldrel-macos-x86_64, r-oldrel-windows-x86_64