Last updated on 2025-10-31 02:50:34 CET.
| Flavor | Version | Tinstall | Tcheck | Ttotal | Status | Flags | 
|---|---|---|---|---|---|---|
| r-devel-linux-x86_64-debian-clang | 1.3 | 11.33 | 84.93 | 96.26 | NOTE | |
| r-devel-linux-x86_64-debian-gcc | 1.3 | 7.50 | 61.44 | 68.94 | NOTE | |
| r-devel-linux-x86_64-fedora-clang | 1.3 | 47.00 | 108.50 | 155.50 | OK | |
| r-devel-linux-x86_64-fedora-gcc | 1.3 | 28.00 | 117.40 | 145.40 | OK | |
| r-devel-windows-x86_64 | 1.3 | 11.00 | 96.00 | 107.00 | OK | |
| r-patched-linux-x86_64 | 1.3 | 11.08 | 80.91 | 91.99 | OK | |
| r-release-linux-x86_64 | 1.3 | 9.42 | 81.92 | 91.34 | OK | |
| r-release-macos-arm64 | 1.3 | 7.00 | 58.00 | 65.00 | OK | |
| r-release-macos-x86_64 | 1.3 | 11.00 | 89.00 | 100.00 | OK | |
| r-release-windows-x86_64 | 1.3 | 11.00 | 91.00 | 102.00 | OK | |
| r-oldrel-macos-arm64 | 1.3 | 5.00 | 42.00 | 47.00 | OK | |
| r-oldrel-macos-x86_64 | 1.3 | 7.00 | 74.00 | 81.00 | OK | |
| r-oldrel-windows-x86_64 | 1.3 | 16.00 | 121.00 | 137.00 | OK | 
Version: 1.3
Check: CRAN incoming feasibility
Result: NOTE
  Maintainer: ‘Hui Xie <huixie@uic.edu>’
  
  No Authors@R field in DESCRIPTION.
  Please add one, modifying
    Authors@R: c(person(given = "Hui",
                        family = "Xie",
                        role = c("aut", "cre"),
                        email = "huixie@uic.edu"),
                 person(given = "Weihua",
                        family = "Gao",
                        role = "aut"),
                 person(given = "Baodong",
                        family = "Xing",
                        role = "aut"),
                 person(given = "Daniel",
                        family = "Heitjan",
                        role = "aut"),
                 person(given = "Donald",
                        family = "Hedeker",
                        role = "aut"),
                 person(given = "Chengbo",
                        family = "Yuan",
                        role = "aut"))
  as necessary.
  
  Package CITATION file contains call(s) to old-style personList() or
  as.personList().  Please use c() on person objects instead.
  Package CITATION file contains call(s) to old-style citEntry().  Please
  use bibentry() instead.
Flavors: r-devel-linux-x86_64-debian-clang, r-devel-linux-x86_64-debian-gcc