Last updated on 2025-10-31 02:50:34 CET.
| Flavor | Version | Tinstall | Tcheck | Ttotal | Status | Flags | 
|---|---|---|---|---|---|---|
| r-devel-linux-x86_64-debian-clang | 1.9 | 6.29 | 58.00 | 64.29 | NOTE | |
| r-devel-linux-x86_64-debian-gcc | 1.9 | 4.52 | 42.77 | 47.29 | NOTE | |
| r-devel-linux-x86_64-fedora-clang | 1.9 | 30.00 | 73.77 | 103.77 | NOTE | |
| r-devel-linux-x86_64-fedora-gcc | 1.9 | 15.00 | 73.16 | 88.16 | NOTE | |
| r-devel-windows-x86_64 | 1.9 | 7.00 | 80.00 | 87.00 | OK | |
| r-patched-linux-x86_64 | 1.9 | 5.84 | 54.96 | 60.80 | NOTE | |
| r-release-linux-x86_64 | 1.9 | 6.35 | 55.04 | 61.39 | NOTE | |
| r-release-macos-arm64 | 1.9 | 2.00 | 20.00 | 22.00 | OK | |
| r-release-macos-x86_64 | 1.9 | 6.00 | 45.00 | 51.00 | OK | |
| r-release-windows-x86_64 | 1.9 | 8.00 | 76.00 | 84.00 | OK | |
| r-oldrel-macos-arm64 | 1.9 | 2.00 | 22.00 | 24.00 | OK | |
| r-oldrel-macos-x86_64 | 1.9 | 4.00 | 35.00 | 39.00 | OK | |
| r-oldrel-windows-x86_64 | 1.9 | 8.00 | 93.00 | 101.00 | OK | 
Version: 1.9
Check: CRAN incoming feasibility
Result: NOTE
  Maintainer: ‘Andrew Teschendorff <a.teschendorff@ucl.ac.uk>’
  
  No Authors@R field in DESCRIPTION.
  Please add one, modifying
    Authors@R: c(person(given = c("Andrew", "E"),
                        family = "Teschendorff",
                        role = "aut"),
                 person(given = "Andrew",
                        family = "Teschendorff",
                        role = "cre",
                        email = "a.teschendorff@ucl.ac.uk"))
  as necessary.
Flavors: r-devel-linux-x86_64-debian-clang, r-devel-linux-x86_64-debian-gcc
Version: 1.9
Check: for non-standard things in the check directory
Result: NOTE
  Found the following files/directories:
    ‘RMTplot.pdf’
Flavors: r-devel-linux-x86_64-debian-clang, r-devel-linux-x86_64-debian-gcc, r-devel-linux-x86_64-fedora-clang, r-devel-linux-x86_64-fedora-gcc, r-patched-linux-x86_64, r-release-linux-x86_64