Last updated on 2025-10-31 02:50:34 CET.
| Flavor | Version | Tinstall | Tcheck | Ttotal | Status | Flags | 
|---|---|---|---|---|---|---|
| r-devel-linux-x86_64-debian-clang | 0.0.0.1 | 1.92 | 21.65 | 23.57 | NOTE | |
| r-devel-linux-x86_64-debian-gcc | 0.0.0.1 | 1.52 | 17.98 | 19.50 | NOTE | |
| r-devel-linux-x86_64-fedora-clang | 0.0.0.1 | 35.87 | NOTE | |||
| r-devel-linux-x86_64-fedora-gcc | 0.0.0.1 | 32.18 | NOTE | |||
| r-devel-windows-x86_64 | 0.0.0.1 | 3.00 | 41.00 | 44.00 | NOTE | |
| r-patched-linux-x86_64 | 0.0.0.1 | 1.70 | 19.54 | 21.24 | NOTE | |
| r-release-linux-x86_64 | 0.0.0.1 | 1.99 | 19.17 | 21.16 | NOTE | |
| r-release-macos-arm64 | 0.0.0.1 | 2.00 | 18.00 | 20.00 | NOTE | |
| r-release-macos-x86_64 | 0.0.0.1 | 2.00 | 22.00 | 24.00 | NOTE | |
| r-release-windows-x86_64 | 0.0.0.1 | 5.00 | 42.00 | 47.00 | NOTE | |
| r-oldrel-macos-arm64 | 0.0.0.1 | 2.00 | 17.00 | 19.00 | NOTE | |
| r-oldrel-macos-x86_64 | 0.0.0.1 | 2.00 | 22.00 | 24.00 | NOTE | |
| r-oldrel-windows-x86_64 | 0.0.0.1 | 5.00 | 48.00 | 53.00 | NOTE | 
Version: 0.0.0.1
Check: DESCRIPTION meta-information
Result: NOTE
    Missing dependency on R >= 4.1.0 because package code uses the pipe
    |> or function shorthand \(...) syntax added in R 4.1.0.
    File(s) using such syntax:
      ‘get_conservation_status.R’ ‘get_vernacularname.R’
Flavors: r-devel-linux-x86_64-debian-clang, r-devel-linux-x86_64-debian-gcc, r-devel-linux-x86_64-fedora-clang, r-devel-linux-x86_64-fedora-gcc, r-devel-windows-x86_64, r-patched-linux-x86_64, r-release-linux-x86_64, r-release-macos-arm64, r-release-macos-x86_64, r-release-windows-x86_64
Version: 0.0.0.1
Check: package dependencies
Result: NOTE
  Package suggested but not available for checking: ‘iucnrdata’
Flavors: r-oldrel-macos-arm64, r-oldrel-macos-x86_64, r-oldrel-windows-x86_64