Last updated on 2025-10-31 02:50:34 CET.
| Flavor | Version | Tinstall | Tcheck | Ttotal | Status | Flags | 
|---|---|---|---|---|---|---|
| r-devel-linux-x86_64-debian-clang | 0.1 | 32.02 | 266.88 | 298.90 | NOTE | |
| r-devel-linux-x86_64-debian-gcc | 0.1 | 20.88 | 167.85 | 188.73 | NOTE | |
| r-devel-linux-x86_64-fedora-clang | 0.1 | 141.00 | 356.11 | 497.11 | OK | |
| r-devel-linux-x86_64-fedora-gcc | 0.1 | 71.00 | 360.60 | 431.60 | OK | |
| r-devel-windows-x86_64 | 0.1 | 30.00 | 204.00 | 234.00 | OK | |
| r-patched-linux-x86_64 | 0.1 | 30.87 | 253.98 | 284.85 | OK | |
| r-release-linux-x86_64 | 0.1 | 27.67 | 251.10 | 278.77 | OK | |
| r-release-macos-arm64 | 0.1 | 11.00 | 75.00 | 86.00 | OK | |
| r-release-macos-x86_64 | 0.1 | 23.00 | 166.00 | 189.00 | OK | |
| r-release-windows-x86_64 | 0.1 | 32.00 | 203.00 | 235.00 | OK | |
| r-oldrel-macos-arm64 | 0.1 | 11.00 | 75.00 | 86.00 | OK | |
| r-oldrel-macos-x86_64 | 0.1 | 19.00 | 125.00 | 144.00 | OK | |
| r-oldrel-windows-x86_64 | 0.1 | 39.00 | 286.00 | 325.00 | OK | 
Version: 0.1
Check: CRAN incoming feasibility
Result: NOTE
  Maintainer: ‘Claudia Vitolo <cvitolodev@gmail.com>’
  
  No Authors@R field in DESCRIPTION.
  Please add one, modifying
    Authors@R: c(person(given = "Claudia",
                        family = "Vitolo",
                        role = c("aut", "cre"),
                        email = "cvitolodev@gmail.com"),
                 person(given = "Allan",
                        family = "Tucker",
                        role = "aut"),
                 person(given = "Andrew",
                        family = "Russell",
                        role = "aut"))
  as necessary.
  
  The Description field contains
    http://www.brunel.ac.uk/ife/britishcouncil). It refers to the
  Please enclose URLs in angle brackets (<...>).
Flavors: r-devel-linux-x86_64-debian-clang, r-devel-linux-x86_64-debian-gcc