Last updated on 2025-10-31 02:50:34 CET.
| Flavor | Version | Tinstall | Tcheck | Ttotal | Status | Flags | 
|---|---|---|---|---|---|---|
| r-devel-linux-x86_64-debian-clang | 0.0.3 | 16.72 | 162.47 | 179.19 | OK | |
| r-devel-linux-x86_64-debian-gcc | 0.0.3 | 12.02 | 121.70 | 133.72 | OK | |
| r-devel-linux-x86_64-fedora-clang | 0.0.3 | 71.00 | 228.95 | 299.95 | OK | |
| r-devel-linux-x86_64-fedora-gcc | 0.0.3 | 33.00 | 255.70 | 288.70 | OK | |
| r-devel-windows-x86_64 | 0.0.3 | 16.00 | 370.00 | 386.00 | OK | |
| r-patched-linux-x86_64 | 0.0.3 | 14.55 | 155.55 | 170.10 | OK | |
| r-release-linux-x86_64 | 0.0.3 | 15.12 | 156.43 | 171.55 | OK | |
| r-release-macos-arm64 | 0.0.3 | 7.00 | 96.00 | 103.00 | OK | |
| r-release-macos-x86_64 | 0.0.3 | 15.00 | 198.00 | 213.00 | OK | |
| r-release-windows-x86_64 | 0.0.3 | 18.00 | 282.00 | 300.00 | OK | |
| r-oldrel-macos-arm64 | 0.0.3 | 8.00 | 104.00 | 112.00 | OK | |
| r-oldrel-macos-x86_64 | 0.0.3 | 15.00 | 191.00 | 206.00 | OK | |
| r-oldrel-windows-x86_64 | 0.0.3 | 24.00 | 255.00 | 279.00 | ERROR | 
Version: 0.0.3
Check: re-building of vignette outputs
Result: ERROR
  Error(s) in re-building vignettes:
  --- re-building 'applications.Rmd' using rmarkdown
  --- finished re-building 'applications.Rmd'
  
  --- re-building 'autoplot_uniqueness.Rmd' using rmarkdown
  --- finished re-building 'autoplot_uniqueness.Rmd'
  
  --- re-building 'functional_api.Rmd' using rmarkdown
  --- finished re-building 'functional_api.Rmd'
  
  --- re-building 'getting_started.Rmd' using rmarkdown
  --- finished re-building 'getting_started.Rmd'
  
  --- re-building 'sequential_model.Rmd' using rmarkdown
  --- finished re-building 'sequential_model.Rmd'
  
  --- re-building 'tuning_fit_compile_args.Rmd' using rmarkdown
  --- finished re-building 'tuning_fit_compile_args.Rmd'
  
  --- re-building 'workflows_functional.Rmd' using rmarkdown
  File images/model_plot_shapes_fs.png not found in resource path
  Error: processing vignette 'workflows_functional.Rmd' failed with diagnostics:
  pandoc document conversion failed with error 99
  --- failed re-building 'workflows_functional.Rmd'
  
  --- re-building 'workflows_sequential.Rmd' using rmarkdown
  --- finished re-building 'workflows_sequential.Rmd'
  
  SUMMARY: processing the following file failed:
    'workflows_functional.Rmd'
  
  Error: Vignette re-building failed.
  Execution halted
Flavor: r-oldrel-windows-x86_64