Last updated on 2025-10-31 02:50:34 CET.
| Flavor | Version | Tinstall | Tcheck | Ttotal | Status | Flags | 
|---|---|---|---|---|---|---|
| r-devel-linux-x86_64-debian-clang | 1.7.3 | 2.03 | 22.46 | 24.49 | NOTE | |
| r-devel-linux-x86_64-debian-gcc | 1.7.3 | 1.49 | 18.47 | 19.96 | NOTE | |
| r-devel-linux-x86_64-fedora-clang | 1.7.3 | 38.59 | OK | |||
| r-devel-linux-x86_64-fedora-gcc | 1.7.3 | 47.92 | OK | |||
| r-devel-windows-x86_64 | 1.7.3 | 3.00 | 44.00 | 47.00 | OK | |
| r-patched-linux-x86_64 | 1.7.3 | 1.92 | 21.47 | 23.39 | OK | |
| r-release-linux-x86_64 | 1.7.3 | 1.88 | 21.55 | 23.43 | OK | |
| r-release-macos-arm64 | 1.7.3 | 1.00 | 24.00 | 25.00 | OK | |
| r-release-macos-x86_64 | 1.7.3 | 2.00 | 38.00 | 40.00 | OK | |
| r-release-windows-x86_64 | 1.7.3 | 3.00 | 44.00 | 47.00 | OK | |
| r-oldrel-macos-arm64 | 1.7.3 | 1.00 | 30.00 | 31.00 | OK | |
| r-oldrel-macos-x86_64 | 1.7.3 | 2.00 | 30.00 | 32.00 | OK | |
| r-oldrel-windows-x86_64 | 1.7.3 | 5.00 | 49.00 | 54.00 | OK | 
Version: 1.7.3
Check: CRAN incoming feasibility
Result: NOTE
  Maintainer: ‘John Muschelli <muschellij2@gmail.com>’
  
  No Authors@R field in DESCRIPTION.
  Please add one, modifying
    Authors@R: person(given = "John",
                      family = "Muschelli",
                      role = c("aut", "cre"),
                      email = "muschellij2@gmail.com")
  as necessary.
Flavors: r-devel-linux-x86_64-debian-clang, r-devel-linux-x86_64-debian-gcc