Last updated on 2025-10-31 02:50:34 CET.
| Flavor | Version | Tinstall | Tcheck | Ttotal | Status | Flags | 
|---|---|---|---|---|---|---|
| r-devel-linux-x86_64-debian-clang | 1.1.2 | 14.61 | 47.95 | 62.56 | NOTE | |
| r-devel-linux-x86_64-debian-gcc | 1.1.2 | 9.39 | 37.59 | 46.98 | NOTE | |
| r-devel-linux-x86_64-fedora-clang | 1.1.2 | 78.00 | 24.62 | 102.62 | NOTE | |
| r-devel-linux-x86_64-fedora-gcc | 1.1.2 | 32.00 | 70.41 | 102.41 | NOTE | |
| r-devel-windows-x86_64 | 1.1.2 | 18.00 | 78.00 | 96.00 | NOTE | |
| r-patched-linux-x86_64 | 1.1.2 | 12.84 | 44.40 | 57.24 | NOTE | |
| r-release-linux-x86_64 | 1.1.2 | 13.67 | 44.70 | 58.37 | NOTE | |
| r-release-macos-arm64 | 1.1.2 | 7.00 | 46.00 | 53.00 | NOTE | |
| r-release-macos-x86_64 | 1.1.2 | 11.00 | 60.00 | 71.00 | NOTE | |
| r-release-windows-x86_64 | 1.1.2 | 17.00 | 77.00 | 94.00 | NOTE | |
| r-oldrel-macos-arm64 | 1.1.2 | 6.00 | 27.00 | 33.00 | NOTE | |
| r-oldrel-macos-x86_64 | 1.1.2 | 8.00 | 43.00 | 51.00 | NOTE | |
| r-oldrel-windows-x86_64 | 1.1.2 | 20.00 | 98.00 | 118.00 | NOTE | 
Version: 1.1.2
Check: CRAN incoming feasibility
Result: NOTE
  Maintainer: ‘Shaun Wilkinson <shaunpwilkinson@gmail.com>’
  
  Package CITATION file contains call(s) to old-style personList() or
  as.personList().  Please use c() on person objects instead.
  Package CITATION file contains call(s) to old-style citEntry().  Please
  use bibentry() instead.
Flavors: r-devel-linux-x86_64-debian-clang, r-devel-linux-x86_64-debian-gcc
Version: 1.1.2
Check: C++ specification
Result: NOTE
    Specified C++11: please drop specification unless essential
Flavors: r-devel-linux-x86_64-debian-clang, r-devel-linux-x86_64-debian-gcc, r-devel-linux-x86_64-fedora-clang, r-devel-linux-x86_64-fedora-gcc, r-devel-windows-x86_64, r-patched-linux-x86_64, r-release-linux-x86_64, r-release-macos-arm64, r-release-macos-x86_64, r-release-windows-x86_64, r-oldrel-macos-arm64, r-oldrel-macos-x86_64, r-oldrel-windows-x86_64
Version: 1.1.2
Check: LazyData
Result: NOTE
    'LazyData' is specified without a 'data' directory
Flavors: r-oldrel-macos-arm64, r-oldrel-macos-x86_64, r-oldrel-windows-x86_64