Last updated on 2025-10-30 02:49:05 CET.
| Flavor | Version | Tinstall | Tcheck | Ttotal | Status | Flags | 
|---|---|---|---|---|---|---|
| r-devel-linux-x86_64-debian-clang | 2.0 | 2.07 | 31.22 | 33.29 | NOTE | |
| r-devel-linux-x86_64-debian-gcc | 2.0 | 1.47 | 23.77 | 25.24 | NOTE | |
| r-devel-linux-x86_64-fedora-clang | 2.0 | 51.74 | OK | |||
| r-devel-linux-x86_64-fedora-gcc | 2.0 | 45.65 | OK | |||
| r-devel-windows-x86_64 | 2.0 | 3.00 | 50.00 | 53.00 | OK | |
| r-patched-linux-x86_64 | 2.0 | 2.38 | 29.69 | 32.07 | OK | |
| r-release-linux-x86_64 | 2.0 | 2.16 | 29.95 | 32.11 | OK | |
| r-release-macos-arm64 | 2.0 | 1.00 | 19.00 | 20.00 | OK | |
| r-release-macos-x86_64 | 2.0 | 2.00 | 33.00 | 35.00 | OK | |
| r-release-windows-x86_64 | 2.0 | 3.00 | 51.00 | 54.00 | OK | |
| r-oldrel-macos-arm64 | 2.0 | 1.00 | 18.00 | 19.00 | OK | |
| r-oldrel-macos-x86_64 | 2.0 | 2.00 | 25.00 | 27.00 | OK | |
| r-oldrel-windows-x86_64 | 2.0 | 5.00 | 57.00 | 62.00 | OK | 
Version: 2.0
Check: CRAN incoming feasibility
Result: NOTE
  Maintainer: ‘John Hughes <drjphughesjr@gmail.com>’
  
  No Authors@R field in DESCRIPTION.
  Please add one, modifying
    Authors@R: person(given = "John",
                      family = "Hughes",
                      role = c("aut", "cre"),
                      email = "drjphughesjr@gmail.com")
  as necessary.
Flavors: r-devel-linux-x86_64-debian-clang, r-devel-linux-x86_64-debian-gcc