Last updated on 2025-07-24 02:52:16 CEST.
Flavor | Version | Tinstall | Tcheck | Ttotal | Status | Flags |
---|---|---|---|---|---|---|
r-devel-linux-x86_64-debian-clang | 1.0.1 | 48.78 | 105.62 | 154.40 | NOTE | |
r-devel-linux-x86_64-debian-gcc | 1.0.1 | 34.13 | 74.63 | 108.76 | NOTE | |
r-devel-linux-x86_64-fedora-clang | 1.0.1 | 245.05 | OK | |||
r-devel-linux-x86_64-fedora-gcc | 1.0.1 | 241.31 | OK | |||
r-devel-windows-x86_64 | 1.0.1 | 58.00 | 137.00 | 195.00 | NOTE | |
r-patched-linux-x86_64 | 1.0.1 | 48.39 | 96.15 | 144.54 | NOTE | |
r-release-linux-x86_64 | 1.0.1 | 42.76 | 96.28 | 139.04 | NOTE | |
r-release-macos-arm64 | 1.0.1 | 96.00 | OK | |||
r-release-macos-x86_64 | 1.0.1 | 144.00 | OK | |||
r-release-windows-x86_64 | 1.0.1 | 60.00 | 137.00 | 197.00 | NOTE | |
r-oldrel-macos-arm64 | 1.0.1 | 78.00 | OK | |||
r-oldrel-macos-x86_64 | 1.0.1 | 187.00 | OK | |||
r-oldrel-windows-x86_64 | 1.0.1 | 75.00 | 171.00 | 246.00 | OK |
Version: 1.0.1
Check: Rd cross-references
Result: NOTE
Found the following Rd file(s) with Rd \link{} targets missing package
anchors:
bounding_box.Rd: data.table
voxelize.Rd: data.table
Please provide package anchors for all Rd \link{} targets not in the
package itself and the base packages.
Flavors: r-devel-linux-x86_64-debian-clang, r-devel-linux-x86_64-debian-gcc, r-devel-windows-x86_64, r-patched-linux-x86_64, r-release-linux-x86_64, r-release-windows-x86_64