CRAN Package Check Results for Package landpred

Last updated on 2025-07-24 02:52:16 CEST.

Flavor Version Tinstall Tcheck Ttotal Status Flags
r-devel-linux-x86_64-debian-clang 1.2 6.29 55.26 61.55 NOTE
r-devel-linux-x86_64-debian-gcc 1.2 5.06 43.36 48.42 NOTE
r-devel-linux-x86_64-fedora-clang 1.2 92.33 OK
r-devel-linux-x86_64-fedora-gcc 1.2 88.04 OK
r-devel-windows-x86_64 1.2 8.00 71.00 79.00 OK
r-patched-linux-x86_64 1.2 6.57 52.95 59.52 OK
r-release-linux-x86_64 1.2 6.65 53.08 59.73 OK
r-release-macos-arm64 1.2 34.00 OK
r-release-macos-x86_64 1.2 88.00 OK
r-release-windows-x86_64 1.2 8.00 77.00 85.00 OK
r-oldrel-macos-arm64 1.2 32.00 OK
r-oldrel-macos-x86_64 1.2 47.00 OK
r-oldrel-windows-x86_64 1.2 10.00 84.00 94.00 OK

Check Details

Version: 1.2
Check: CRAN incoming feasibility
Result: NOTE Maintainer: ‘Layla Parast <parast@austin.utexas.edu>’ No Authors@R field in DESCRIPTION. Please add one, modifying Authors@R: person(given = "Layla", family = "Parast", role = c("aut", "cre"), email = "parast@austin.utexas.edu") as necessary. Flavors: r-devel-linux-x86_64-debian-clang, r-devel-linux-x86_64-debian-gcc