Last updated on 2025-10-31 02:50:34 CET.
| Flavor | Version | Tinstall | Tcheck | Ttotal | Status | Flags | 
|---|---|---|---|---|---|---|
| r-devel-linux-x86_64-debian-clang | 1.2.1 | 2.08 | 39.95 | 42.03 | OK | |
| r-devel-linux-x86_64-debian-gcc | 1.2.1 | 1.75 | 30.13 | 31.88 | OK | |
| r-devel-linux-x86_64-fedora-clang | 1.2.1 | 64.89 | OK | |||
| r-devel-linux-x86_64-fedora-gcc | 1.2.1 | 73.91 | OK | |||
| r-devel-windows-x86_64 | 1.2.1 | 5.00 | 52.00 | 57.00 | OK | |
| r-patched-linux-x86_64 | 1.2.1 | 2.22 | 36.28 | 38.50 | OK | |
| r-release-linux-x86_64 | 1.2.1 | 1.87 | 36.11 | 37.98 | OK | |
| r-release-macos-arm64 | 1.2.1 | 2.00 | 66.00 | 68.00 | OK | |
| r-release-macos-x86_64 | 1.2.1 | 3.00 | 52.00 | 55.00 | OK | |
| r-release-windows-x86_64 | 1.2.1 | 4.00 | 48.00 | 52.00 | OK | |
| r-oldrel-macos-arm64 | 1.2.1 | 1.00 | 30.00 | 31.00 | OK | |
| r-oldrel-macos-x86_64 | 1.2.1 | 3.00 | 59.00 | 62.00 | OK | |
| r-oldrel-windows-x86_64 | 1.2.1 | 5.00 | 62.00 | 67.00 | ERROR | 
Version: 1.2.1
Check: re-building of vignette outputs
Result: ERROR
  Error(s) in re-building vignettes:
  --- re-building 'using_latent2likert.Rmd' using rmarkdown
  File man/figures/courses-grouped-min.png not found in resource path
  Error: processing vignette 'using_latent2likert.Rmd' failed with diagnostics:
  pandoc document conversion failed with error 99
  --- failed re-building 'using_latent2likert.Rmd'
  
  SUMMARY: processing the following file failed:
    'using_latent2likert.Rmd'
  
  Error: Vignette re-building failed.
  Execution halted
Flavor: r-oldrel-windows-x86_64