Last updated on 2025-10-31 02:50:34 CET.
| Flavor | Version | Tinstall | Tcheck | Ttotal | Status | Flags | 
|---|---|---|---|---|---|---|
| r-devel-linux-x86_64-debian-clang | 1.2 | 18.79 | 143.15 | 161.94 | NOTE | |
| r-devel-linux-x86_64-debian-gcc | 1.2 | 14.14 | 103.45 | 117.59 | NOTE | |
| r-devel-linux-x86_64-fedora-clang | 1.2 | 83.00 | 176.78 | 259.78 | OK | |
| r-devel-linux-x86_64-fedora-gcc | 1.2 | 35.00 | 199.16 | 234.16 | OK | |
| r-devel-windows-x86_64 | 1.2 | 19.00 | 131.00 | 150.00 | OK | |
| r-patched-linux-x86_64 | 1.2 | 17.17 | 135.42 | 152.59 | OK | |
| r-release-linux-x86_64 | 1.2 | 18.24 | 135.28 | 153.52 | OK | |
| r-release-macos-arm64 | 1.2 | 7.00 | 53.00 | 60.00 | OK | |
| r-release-macos-x86_64 | 1.2 | 14.00 | 98.00 | 112.00 | OK | |
| r-release-windows-x86_64 | 1.2 | 19.00 | 132.00 | 151.00 | OK | |
| r-oldrel-macos-arm64 | 1.2 | 7.00 | 54.00 | 61.00 | NOTE | |
| r-oldrel-macos-x86_64 | 1.2 | 11.00 | 76.00 | 87.00 | NOTE | |
| r-oldrel-windows-x86_64 | 1.2 | 27.00 | 172.00 | 199.00 | NOTE | 
Version: 1.2
Check: CRAN incoming feasibility
Result: NOTE
  Maintainer: ‘W. Kyle Hamilton <kyle.hamilton@gmail.com>’
  
  No Authors@R field in DESCRIPTION.
  Please add one, modifying
    Authors@R: person(given = c("W.", "Kyle"),
                      family = "Hamilton",
                      role = c("aut", "cre"),
                      email = "kyle.hamilton@gmail.com")
  as necessary.
Flavors: r-devel-linux-x86_64-debian-clang, r-devel-linux-x86_64-debian-gcc
Version: 1.2
Check: LazyData
Result: NOTE
    'LazyData' is specified without a 'data' directory
Flavors: r-oldrel-macos-arm64, r-oldrel-macos-x86_64, r-oldrel-windows-x86_64