Last updated on 2025-10-31 02:50:34 CET.
| Flavor | Version | Tinstall | Tcheck | Ttotal | Status | Flags | 
|---|---|---|---|---|---|---|
| r-devel-linux-x86_64-debian-clang | 1.3 | 1.89 | 28.08 | 29.97 | NOTE | |
| r-devel-linux-x86_64-debian-gcc | 1.3 | 1.46 | 21.57 | 23.03 | NOTE | |
| r-devel-linux-x86_64-fedora-clang | 1.3 | 46.93 | OK | |||
| r-devel-linux-x86_64-fedora-gcc | 1.3 | 42.53 | OK | |||
| r-devel-windows-x86_64 | 1.3 | 3.00 | 46.00 | 49.00 | OK | |
| r-patched-linux-x86_64 | 1.3 | 2.21 | 26.25 | 28.46 | OK | |
| r-release-linux-x86_64 | 1.3 | 2.05 | 26.30 | 28.35 | OK | |
| r-release-macos-arm64 | 1.3 | 1.00 | 18.00 | 19.00 | OK | |
| r-release-macos-x86_64 | 1.3 | 2.00 | 25.00 | 27.00 | OK | |
| r-release-windows-x86_64 | 1.3 | 4.00 | 48.00 | 52.00 | OK | |
| r-oldrel-macos-arm64 | 1.3 | 1.00 | 16.00 | 17.00 | OK | |
| r-oldrel-macos-x86_64 | 1.3 | 2.00 | 25.00 | 27.00 | OK | |
| r-oldrel-windows-x86_64 | 1.3 | 3.00 | 59.00 | 62.00 | OK | 
Version: 1.3
Check: CRAN incoming feasibility
Result: NOTE
  Maintainer: ‘Bernardo Andrade <bbandrade@unb.br>’
  
  No Authors@R field in DESCRIPTION.
  Please add one, modifying
    Authors@R: c(person(given = c("Bernardo", "B."),
                        family = "Andrade",
                        role = "aut"),
                 person(given = "Bernardo",
                        family = "Andrade",
                        role = "cre",
                        email = "bbandrade@unb.br"))
  as necessary.
Flavors: r-devel-linux-x86_64-debian-clang, r-devel-linux-x86_64-debian-gcc