Last updated on 2025-10-31 02:50:34 CET.
| Flavor | Version | Tinstall | Tcheck | Ttotal | Status | Flags | 
|---|---|---|---|---|---|---|
| r-devel-linux-x86_64-debian-clang | 1.3 | 25.42 | 206.00 | 231.42 | NOTE | |
| r-devel-linux-x86_64-debian-gcc | 1.3 | 19.11 | 153.41 | 172.52 | NOTE | |
| r-devel-linux-x86_64-fedora-clang | 1.3 | 112.00 | 264.73 | 376.73 | NOTE | |
| r-devel-linux-x86_64-fedora-gcc | 1.3 | 91.00 | 274.88 | 365.88 | NOTE | |
| r-devel-windows-x86_64 | 1.3 | 23.00 | 181.00 | 204.00 | NOTE | |
| r-patched-linux-x86_64 | 1.3 | 22.24 | 194.39 | 216.63 | NOTE | |
| r-release-linux-x86_64 | 1.3 | 22.70 | 195.36 | 218.06 | NOTE | |
| r-release-macos-arm64 | 1.3 | 12.00 | 71.00 | 83.00 | NOTE | |
| r-release-macos-x86_64 | 1.3 | 22.00 | 164.00 | 186.00 | NOTE | |
| r-release-windows-x86_64 | 1.3 | 24.00 | 180.00 | 204.00 | NOTE | |
| r-oldrel-macos-arm64 | 1.3 | 12.00 | 78.00 | 90.00 | NOTE | |
| r-oldrel-macos-x86_64 | 1.3 | 24.00 | 125.00 | 149.00 | NOTE | |
| r-oldrel-windows-x86_64 | 1.3 | 23.00 | 232.00 | 255.00 | NOTE | 
Version: 1.3
Check: CRAN incoming feasibility
Result: NOTE
  Maintainer: ‘Yunting Sun <yunting.sun@gmail.com>’
  
  No Authors@R field in DESCRIPTION.
  Please add one, modifying
    Authors@R: c(person(given = "Yunting",
                        family = "Sun",
                        role = c("aut", "cre"),
                        email = "yunting.sun@gmail.com"),
                 person(given = "Nancy",
                        family = "R.Zhang",
                        role = "aut",
                        email = "nzhang@stanford.edu"),
                 person(given = "Art",
                        family = "B.Owen",
                        role = "aut",
                        email = "owen@stanford.edu"))
  as necessary.
Flavors: r-devel-linux-x86_64-debian-clang, r-devel-linux-x86_64-debian-gcc
Version: 1.3
Check: Rd files
Result: NOTE
  checkRd: (-1) IPODFUN.Rd:18: Lost braces; missing escapes or markup?
      18 |   \item{H}{an N by N projection matrix X(X'X)^{-1}X' }
         |                                               ^
Flavors: r-devel-linux-x86_64-debian-clang, r-devel-linux-x86_64-debian-gcc, r-devel-linux-x86_64-fedora-clang, r-devel-linux-x86_64-fedora-gcc, r-devel-windows-x86_64, r-patched-linux-x86_64, r-release-linux-x86_64, r-release-macos-arm64, r-release-macos-x86_64, r-release-windows-x86_64, r-oldrel-macos-arm64, r-oldrel-macos-x86_64, r-oldrel-windows-x86_64