Last updated on 2025-10-31 02:50:35 CET.
| Flavor | Version | Tinstall | Tcheck | Ttotal | Status | Flags | 
|---|---|---|---|---|---|---|
| r-devel-linux-x86_64-debian-clang | 1.1.5 | 9.77 | 71.71 | 81.48 | NOTE | |
| r-devel-linux-x86_64-debian-gcc | 1.1.5 | 7.16 | 51.33 | 58.49 | NOTE | |
| r-devel-linux-x86_64-fedora-clang | 1.1.5 | 41.00 | 89.57 | 130.57 | OK | |
| r-devel-linux-x86_64-fedora-gcc | 1.1.5 | 19.00 | 99.42 | 118.42 | OK | |
| r-devel-windows-x86_64 | 1.1.5 | 11.00 | 80.00 | 91.00 | OK | |
| r-patched-linux-x86_64 | 1.1.5 | 9.12 | 68.61 | 77.73 | OK | |
| r-release-linux-x86_64 | 1.1.5 | 9.46 | 69.21 | 78.67 | OK | |
| r-release-macos-arm64 | 1.1.5 | 6.00 | 52.00 | 58.00 | OK | |
| r-release-macos-x86_64 | 1.1.5 | 11.00 | 66.00 | 77.00 | OK | |
| r-release-windows-x86_64 | 1.1.5 | 10.00 | 81.00 | 91.00 | OK | |
| r-oldrel-macos-arm64 | 1.1.5 | 4.00 | 31.00 | 35.00 | OK | |
| r-oldrel-macos-x86_64 | 1.1.5 | 7.00 | 77.00 | 84.00 | OK | |
| r-oldrel-windows-x86_64 | 1.1.5 | 15.00 | 104.00 | 119.00 | OK | 
Version: 1.1.5
Check: CRAN incoming feasibility
Result: NOTE
  Maintainer: ‘Peter Cahusac <peteqsac@gmail.com>’
  
  Found the following \keyword or \concept entries
  which likely give several index terms:
    File ‘L_1way_ANOVA.Rd’:
      \keyword{ANOVA;}
      \keyword{Likelihood;}
      \keyword{support;}
    File ‘L_1way_RM_ANOVA.Rd’:
      \keyword{Likelihood;}
      \keyword{support;}
    File ‘L_1way_cat.Rd’:
      \keyword{Likelihood-based;}
      \keyword{binomial;}
    File ‘L_2S_ttest.Rd’:
      \keyword{Likelihood;}
      \keyword{support;}
      \keyword{test;}
    File ‘L_2way_Factorial_ANOVA.Rd’:
      \keyword{ANOVA;}
      \keyword{Likelihood;}
      \keyword{support;}
    File ‘L_2way_cat.Rd’:
      \keyword{Likelihood-based;}
    File ‘L_OR.Rd’:
      \keyword{Likelihood;}
      \keyword{interval;}
      \keyword{ratio;}
      \keyword{support;}
    File ‘L_RR.Rd’:
      \keyword{Likelihood;}
      \keyword{interval;}
      \keyword{risk;}
      \keyword{support;}
    File ‘L_corr.Rd’:
      \keyword{Likelihood;}
      \keyword{correlation;}
      \keyword{support;}
    File ‘L_efficacy.Rd’:
      \keyword{efficacy;}
      \keyword{interval;}
      \keyword{support;}
    File ‘L_logistic_regress.Rd’:
      \keyword{Likelihood;}
      \keyword{support;}
    File ‘L_regress.Rd’:
      \keyword{Likelihood;}
      \keyword{linear;}
      \keyword{quadratic;}
      \keyword{regression;}
      \keyword{support;}
    File ‘L_t_test_sample_size.Rd’:
      \keyword{Likelihood;}
      \keyword{evidence;}
      \keyword{size;}
      \keyword{test;}
    File ‘L_ttest.Rd’:
      \keyword{Likelihood;}
      \keyword{support;}
      \keyword{test;}
Flavors: r-devel-linux-x86_64-debian-clang, r-devel-linux-x86_64-debian-gcc