Last updated on 2025-10-31 02:50:35 CET.
| Flavor | Version | Tinstall | Tcheck | Ttotal | Status | Flags | 
|---|---|---|---|---|---|---|
| r-devel-linux-x86_64-debian-clang | 1.5.8 | 6.66 | 46.03 | 52.69 | NOTE | |
| r-devel-linux-x86_64-debian-gcc | 1.5.8 | 4.83 | 32.65 | 37.48 | NOTE | |
| r-devel-linux-x86_64-fedora-clang | 1.5.8 | 14.00 | 64.92 | 78.92 | OK | |
| r-devel-linux-x86_64-fedora-gcc | 1.5.8 | 14.00 | 60.26 | 74.26 | OK | |
| r-devel-windows-x86_64 | 1.5.8 | 11.00 | 109.00 | 120.00 | OK | |
| r-patched-linux-x86_64 | 1.5.8 | 5.12 | 43.14 | 48.26 | OK | |
| r-release-linux-x86_64 | 1.5.8 | 5.53 | 43.04 | 48.57 | OK | |
| r-release-macos-arm64 | 1.5.8 | 4.00 | 25.00 | 29.00 | OK | |
| r-release-macos-x86_64 | 1.5.8 | 9.00 | 47.00 | 56.00 | OK | |
| r-release-windows-x86_64 | 1.5.8 | 10.00 | 78.00 | 88.00 | OK | |
| r-oldrel-macos-arm64 | 1.5.8 | 4.00 | 22.00 | 26.00 | OK | |
| r-oldrel-macos-x86_64 | 1.5.8 | 8.00 | 54.00 | 62.00 | OK | |
| r-oldrel-windows-x86_64 | 1.5.8 | 12.00 | 88.00 | 100.00 | OK | 
Version: 1.5.8
Check: CRAN incoming feasibility
Result: NOTE
  Maintainer: ‘Marco Geraci <marco.geraci@uniroma1.it>’
  
  No Authors@R field in DESCRIPTION.
  Please add one, modifying
    Authors@R: person(given = "Marco",
                      family = "Geraci",
                      role = c("aut", "cre"),
                      email = "marco.geraci@uniroma1.it")
  as necessary.
  
  Package CITATION file contains call(s) to old-style personList() or
  as.personList().  Please use c() on person objects instead.
  Package CITATION file contains call(s) to old-style citEntry().  Please
  use bibentry() instead.
Flavors: r-devel-linux-x86_64-debian-clang, r-devel-linux-x86_64-debian-gcc