Last updated on 2025-10-30 02:49:05 CET.
| Flavor | Version | Tinstall | Tcheck | Ttotal | Status | Flags | 
|---|---|---|---|---|---|---|
| r-devel-linux-x86_64-debian-clang | 0.2.2 | 1.84 | 21.70 | 23.54 | NOTE | |
| r-devel-linux-x86_64-debian-gcc | 0.2.2 | 1.71 | 17.40 | 19.11 | NOTE | |
| r-devel-linux-x86_64-fedora-clang | 0.2.2 | 35.48 | OK | |||
| r-devel-linux-x86_64-fedora-gcc | 0.2.2 | 33.39 | OK | |||
| r-devel-windows-x86_64 | 0.2.2 | 3.00 | 57.00 | 60.00 | OK | |
| r-patched-linux-x86_64 | 0.2.2 | 2.28 | 20.57 | 22.85 | OK | |
| r-release-linux-x86_64 | 0.2.2 | 2.23 | 20.17 | 22.40 | OK | |
| r-release-macos-arm64 | 0.2.2 | 1.00 | 18.00 | 19.00 | OK | |
| r-release-macos-x86_64 | 0.2.2 | 2.00 | 27.00 | 29.00 | OK | |
| r-release-windows-x86_64 | 0.2.2 | 3.00 | 39.00 | 42.00 | OK | |
| r-oldrel-macos-arm64 | 0.2.2 | 1.00 | 14.00 | 15.00 | OK | |
| r-oldrel-macos-x86_64 | 0.2.2 | 2.00 | 21.00 | 23.00 | OK | |
| r-oldrel-windows-x86_64 | 0.2.2 | 4.00 | 44.00 | 48.00 | OK | 
Version: 0.2.2
Check: CRAN incoming feasibility
Result: NOTE
  Maintainer: ‘Martin Blostein <martin.blostein@gmail.com>’
  
  No Authors@R field in DESCRIPTION.
  Please add one, modifying
    Authors@R: c(person(given = "Martin",
                        family = "Blostein",
                        role = c("aut", "cre"),
                        email = "martin.blostein@gmail.com"),
                 person(given = "Tatjana",
                        family = "Miljkovic",
                        role = "aut",
                        email = "miljkot@miamioh.edu"))
  as necessary.
Flavors: r-devel-linux-x86_64-debian-clang, r-devel-linux-x86_64-debian-gcc