Last updated on 2025-10-30 02:49:06 CET.
| Flavor | Version | Tinstall | Tcheck | Ttotal | Status | Flags | 
|---|---|---|---|---|---|---|
| r-devel-linux-x86_64-debian-clang | 2.3.1 | 10.87 | 21.95 | 32.82 | NOTE | |
| r-devel-linux-x86_64-debian-gcc | 2.3.1 | 7.70 | 18.66 | 26.36 | NOTE | |
| r-devel-linux-x86_64-fedora-clang | 2.3.1 | 29.00 | 23.78 | 52.78 | OK | |
| r-devel-linux-x86_64-fedora-gcc | 2.3.1 | 26.00 | 24.81 | 50.81 | OK | |
| r-devel-windows-x86_64 | 2.3.1 | 21.00 | 41.00 | 62.00 | OK | |
| r-patched-linux-x86_64 | 2.3.1 | 8.90 | 20.84 | 29.74 | OK | |
| r-release-linux-x86_64 | 2.3.1 | 9.38 | 20.70 | 30.08 | OK | |
| r-release-macos-arm64 | 2.3.1 | 12.00 | 19.00 | 31.00 | OK | |
| r-release-macos-x86_64 | 2.3.1 | 22.00 | 26.00 | 48.00 | OK | |
| r-release-windows-x86_64 | 2.3.1 | 23.00 | 43.00 | 66.00 | OK | |
| r-oldrel-macos-arm64 | 2.3.1 | 12.00 | 20.00 | 32.00 | NOTE | |
| r-oldrel-macos-x86_64 | 2.3.1 | 17.00 | 21.00 | 38.00 | NOTE | |
| r-oldrel-windows-x86_64 | 2.3.1 | 27.00 | 46.00 | 73.00 | NOTE | 
Version: 2.3.1
Check: CRAN incoming feasibility
Result: NOTE
  Maintainer: ‘Alex Deckmyn <alex.deckmyn@meteo.be>’
  
  No Authors@R field in DESCRIPTION.
  Please add one, modifying
    Authors@R: c(person(given = c("Original", "S", "code", "by", "Richard", "A."),
                        family = "Becker",
                        role = "aut"),
                 person(given = c("Allan", "R.", "Wilks.", "R", "version", "by", "Ray"),
                        family = "Brownrigg.",
                        role = "aut",
                        email = "Ray.Brownrigg@ecs.vuw.ac.nz"),
                 person(given = "Alex",
                        family = "Deckmyn",
                        role = "cre",
                        email = "alex.deckmyn@meteo.be"))
  as necessary.
Flavors: r-devel-linux-x86_64-debian-clang, r-devel-linux-x86_64-debian-gcc
Version: 2.3.1
Check: installed package size
Result: NOTE
    installed size is 33.5Mb
    sub-directories of 1Mb or more:
      mapdata  33.4Mb
Flavors: r-oldrel-macos-arm64, r-oldrel-macos-x86_64, r-oldrel-windows-x86_64