Last updated on 2025-10-30 02:49:06 CET.
| Flavor | Version | Tinstall | Tcheck | Ttotal | Status | Flags | 
|---|---|---|---|---|---|---|
| r-devel-linux-x86_64-debian-clang | 2.1.1 | 7.20 | 70.35 | 77.55 | NOTE | |
| r-devel-linux-x86_64-debian-gcc | 2.1.1 | 5.80 | 52.20 | 58.00 | NOTE | |
| r-devel-linux-x86_64-fedora-clang | 2.1.1 | 15.00 | 101.72 | 116.72 | OK | |
| r-devel-linux-x86_64-fedora-gcc | 2.1.1 | 16.00 | 95.37 | 111.37 | OK | |
| r-devel-windows-x86_64 | 2.1.1 | 8.00 | 80.00 | 88.00 | OK | |
| r-patched-linux-x86_64 | 2.1.1 | 6.18 | 67.12 | 73.30 | OK | |
| r-release-linux-x86_64 | 2.1.1 | 7.04 | 67.34 | 74.38 | OK | |
| r-release-macos-arm64 | 2.1.1 | 4.00 | 34.00 | 38.00 | OK | |
| r-release-macos-x86_64 | 2.1.1 | 6.00 | 51.00 | 57.00 | OK | |
| r-release-windows-x86_64 | 2.1.1 | 9.00 | 82.00 | 91.00 | OK | |
| r-oldrel-macos-arm64 | 2.1.1 | 4.00 | 34.00 | 38.00 | OK | |
| r-oldrel-macos-x86_64 | 2.1.1 | 9.00 | 63.00 | 72.00 | OK | |
| r-oldrel-windows-x86_64 | 2.1.1 | 12.00 | 104.00 | 116.00 | OK | 
Version: 2.1.1
Check: CRAN incoming feasibility
Result: NOTE
  Maintainer: ‘Andrey Paramonov <paramon@acdlabs.ru>’
  
  No Authors@R field in DESCRIPTION.
  Please add one, modifying
    Authors@R: person(given = "Andrey",
                      family = "Paramonov",
                      role = c("aut", "cre"),
                      email = "paramon@acdlabs.ru")
  as necessary.
Flavors: r-devel-linux-x86_64-debian-clang, r-devel-linux-x86_64-debian-gcc