Last updated on 2025-10-31 02:50:35 CET.
| Flavor | Version | Tinstall | Tcheck | Ttotal | Status | Flags | 
|---|---|---|---|---|---|---|
| r-devel-linux-x86_64-debian-clang | 0.1.3 | 12.04 | 140.01 | 152.05 | NOTE | |
| r-devel-linux-x86_64-debian-gcc | 0.1.3 | 8.69 | 98.10 | 106.79 | NOTE | |
| r-devel-linux-x86_64-fedora-clang | 0.1.3 | 26.00 | 201.63 | 227.63 | OK | |
| r-devel-linux-x86_64-fedora-gcc | 0.1.3 | 24.00 | 206.35 | 230.35 | OK | |
| r-devel-windows-x86_64 | 0.1.3 | 13.00 | 157.00 | 170.00 | OK | |
| r-patched-linux-x86_64 | 0.1.3 | 11.99 | 129.44 | 141.43 | OK | |
| r-release-linux-x86_64 | 0.1.3 | 9.77 | 128.86 | 138.63 | OK | |
| r-release-macos-arm64 | 0.1.3 | 5.00 | 67.00 | 72.00 | OK | |
| r-release-macos-x86_64 | 0.1.3 | 10.00 | 115.00 | 125.00 | OK | |
| r-release-windows-x86_64 | 0.1.3 | 13.00 | 151.00 | 164.00 | OK | |
| r-oldrel-macos-arm64 | 0.1.3 | 5.00 | 61.00 | 66.00 | OK | |
| r-oldrel-macos-x86_64 | 0.1.3 | 8.00 | 100.00 | 108.00 | OK | |
| r-oldrel-windows-x86_64 | 0.1.3 | 19.00 | 192.00 | 211.00 | OK | 
Version: 0.1.3
Check: CRAN incoming feasibility
Result: NOTE
  Maintainer: ‘Andrea Brancaccio <andrea.brancaccio@unipd.it>’
  
  No Authors@R field in DESCRIPTION.
  Please add one, modifying
    Authors@R: c(person(given = "Andrea",
                        family = "Brancaccio",
                        role = c("aut", "ctb", "cph", "cre"),
                        email = "andrea.brancaccio@unipd.it"),
                 person(given = c("Ottavia", "M."),
                        family = "Epifania",
                        role = c("aut", "ctb", "com")),
                 person(given = "Debora",
                        family = "de Chiusole",
                        role = "ctb"))
  as necessary.
Flavors: r-devel-linux-x86_64-debian-clang, r-devel-linux-x86_64-debian-gcc