Last updated on 2025-10-31 02:50:36 CET.
| Flavor | Version | Tinstall | Tcheck | Ttotal | Status | Flags | 
|---|---|---|---|---|---|---|
| r-devel-linux-x86_64-debian-clang | 2.1 | 10.07 | 73.95 | 84.02 | NOTE | |
| r-devel-linux-x86_64-debian-gcc | 2.1 | 7.22 | 53.48 | 60.70 | NOTE | |
| r-devel-linux-x86_64-fedora-clang | 2.1 | 18.00 | 112.97 | 130.97 | OK | |
| r-devel-linux-x86_64-fedora-gcc | 2.1 | 19.00 | 105.18 | 124.18 | OK | |
| r-devel-windows-x86_64 | 2.1 | 10.00 | 80.00 | 90.00 | OK | |
| r-patched-linux-x86_64 | 2.1 | 7.34 | 70.63 | 77.97 | OK | |
| r-release-linux-x86_64 | 2.1 | 9.44 | 69.26 | 78.70 | OK | |
| r-release-macos-arm64 | 2.1 | 4.00 | 34.00 | 38.00 | OK | |
| r-release-macos-x86_64 | 2.1 | 8.00 | 58.00 | 66.00 | OK | |
| r-release-windows-x86_64 | 2.1 | 10.00 | 82.00 | 92.00 | OK | |
| r-oldrel-macos-arm64 | 2.1 | 4.00 | 33.00 | 37.00 | OK | |
| r-oldrel-macos-x86_64 | 2.1 | 10.00 | 55.00 | 65.00 | OK | |
| r-oldrel-windows-x86_64 | 2.1 | 14.00 | 101.00 | 115.00 | OK | 
Version: 2.1
Check: CRAN incoming feasibility
Result: NOTE
  Maintainer: ‘Chris M Manuel <cmmanuel@stat.tamu.edu>’
  
  No Authors@R field in DESCRIPTION.
  Please add one, modifying
    Authors@R: c(person(given = c("Chris", "M"),
                        family = "Manuel",
                        role = c("aut", "cre"),
                        email = "cmmanuel@stat.tamu.edu"),
                 person(given = "Samiran",
                        family = "Sinha",
                        role = "aut"),
                 person(given = "Suojin",
                        family = "Wang",
                        role = "aut"))
  as necessary.
Flavors: r-devel-linux-x86_64-debian-clang, r-devel-linux-x86_64-debian-gcc