Last updated on 2025-10-31 02:50:36 CET.
| Flavor | Version | Tinstall | Tcheck | Ttotal | Status | Flags | 
|---|---|---|---|---|---|---|
| r-devel-linux-x86_64-debian-clang | 0.1.0 | 4.02 | 36.42 | 40.44 | NOTE | |
| r-devel-linux-x86_64-debian-gcc | 0.1.0 | 2.99 | 27.32 | 30.31 | NOTE | |
| r-devel-linux-x86_64-fedora-clang | 0.1.0 | 59.12 | NOTE | |||
| r-devel-linux-x86_64-fedora-gcc | 0.1.0 | 56.58 | NOTE | |||
| r-devel-windows-x86_64 | 0.1.0 | 5.00 | 57.00 | 62.00 | NOTE | |
| r-patched-linux-x86_64 | 0.1.0 | 4.62 | 34.33 | 38.95 | NOTE | |
| r-release-linux-x86_64 | 0.1.0 | 4.37 | 34.25 | 38.62 | NOTE | |
| r-release-macos-arm64 | 0.1.0 | 2.00 | 21.00 | 23.00 | NOTE | |
| r-release-macos-x86_64 | 0.1.0 | 4.00 | 33.00 | 37.00 | NOTE | |
| r-release-windows-x86_64 | 0.1.0 | 8.00 | 58.00 | 66.00 | NOTE | |
| r-oldrel-macos-arm64 | 0.1.0 | 2.00 | 17.00 | 19.00 | NOTE | |
| r-oldrel-macos-x86_64 | 0.1.0 | 3.00 | 27.00 | 30.00 | NOTE | |
| r-oldrel-windows-x86_64 | 0.1.0 | 7.00 | 65.00 | 72.00 | NOTE | 
Version: 0.1.0
Check: CRAN incoming feasibility
Result: NOTE
  Maintainer: ‘Sergio Venturini <sergio.venturini@unicatt.it>’
  
  No Authors@R field in DESCRIPTION.
  Please add one, modifying
    Authors@R: c(person(given = "Sergio",
                        family = "Venturini",
                        role = c("aut", "cre"),
                        email = "sergio.venturini@unicatt.it"),
                 person(given = "Jessica",
                        family = "Myers",
                        role = "aut"))
  as necessary.
Flavors: r-devel-linux-x86_64-debian-clang, r-devel-linux-x86_64-debian-gcc
Version: 0.1.0
Check: Rd files
Result: NOTE
  checkRd: (-1) bhm.mcmc.Rd:37: Lost braces; missing escapes or markup?
      37 |   where \eqn{N_{ij}} denotes the number of times that the error profile \eqn{i} is cited on a report from hospital {j} and \eqn{y_{ij}} is the corresponding number of times that profile \eqn{i} in hospital \eqn{j} was reported with harm.
         |                                                                                                                    ^
Flavors: r-devel-linux-x86_64-debian-clang, r-devel-linux-x86_64-debian-gcc, r-devel-linux-x86_64-fedora-clang, r-devel-linux-x86_64-fedora-gcc, r-devel-windows-x86_64, r-patched-linux-x86_64, r-release-linux-x86_64, r-release-macos-arm64, r-release-macos-x86_64, r-release-windows-x86_64, r-oldrel-macos-arm64, r-oldrel-macos-x86_64, r-oldrel-windows-x86_64