Last updated on 2025-10-31 02:50:36 CET.
| Flavor | Version | Tinstall | Tcheck | Ttotal | Status | Flags | 
|---|---|---|---|---|---|---|
| r-devel-linux-x86_64-debian-clang | 0.0.3 | 18.67 | 137.67 | 156.34 | NOTE | |
| r-devel-linux-x86_64-debian-gcc | 0.0.3 | 12.74 | 96.10 | 108.84 | NOTE | |
| r-devel-linux-x86_64-fedora-clang | 0.0.3 | 44.00 | 203.26 | 247.26 | OK | |
| r-devel-linux-x86_64-fedora-gcc | 0.0.3 | 39.00 | 197.50 | 236.50 | OK | |
| r-devel-windows-x86_64 | 0.0.3 | 19.00 | 124.00 | 143.00 | OK | |
| r-patched-linux-x86_64 | 0.0.3 | 18.44 | 131.04 | 149.48 | OK | |
| r-release-linux-x86_64 | 0.0.3 | 15.82 | 130.43 | 146.25 | OK | |
| r-release-macos-arm64 | 0.0.3 | 8.00 | 59.00 | 67.00 | OK | |
| r-release-macos-x86_64 | 0.0.3 | 13.00 | 92.00 | 105.00 | OK | |
| r-release-windows-x86_64 | 0.0.3 | 21.00 | 129.00 | 150.00 | OK | |
| r-oldrel-macos-arm64 | 0.0.3 | 8.00 | 51.00 | 59.00 | OK | |
| r-oldrel-macos-x86_64 | 0.0.3 | 21.00 | 86.00 | 107.00 | OK | |
| r-oldrel-windows-x86_64 | 0.0.3 | 25.00 | 164.00 | 189.00 | OK | 
Version: 0.0.3
Check: CRAN incoming feasibility
Result: NOTE
  Maintainer: ‘Xu Qin <xuqin@pitt.edu>’
  
  No Authors@R field in DESCRIPTION.
  Please add one, modifying
    Authors@R: c(person(given = "Xu",
                        family = "Qin",
                        role = c("aut", "cre"),
                        email = "xuqin@pitt.edu"),
                 person(given = "Fan",
                        family = "Yang",
                        role = "aut"))
  as necessary.
Flavors: r-devel-linux-x86_64-debian-clang, r-devel-linux-x86_64-debian-gcc