Last updated on 2025-10-31 02:50:36 CET.
| Flavor | Version | Tinstall | Tcheck | Ttotal | Status | Flags | 
|---|---|---|---|---|---|---|
| r-devel-linux-x86_64-debian-clang | 3.0 | 9.34 | 80.99 | 90.33 | NOTE | |
| r-devel-linux-x86_64-debian-gcc | 3.0 | 6.66 | 61.38 | 68.04 | NOTE | |
| r-devel-linux-x86_64-fedora-clang | 3.0 | 17.00 | 118.86 | 135.86 | OK | |
| r-devel-linux-x86_64-fedora-gcc | 3.0 | 19.00 | 111.59 | 130.59 | OK | |
| r-devel-windows-x86_64 | 3.0 | 11.00 | 94.00 | 105.00 | OK | |
| r-patched-linux-x86_64 | 3.0 | 10.24 | 77.98 | 88.22 | OK | |
| r-release-linux-x86_64 | 3.0 | 7.60 | 78.17 | 85.77 | OK | |
| r-release-macos-arm64 | 3.0 | 4.00 | 40.00 | 44.00 | OK | |
| r-release-macos-x86_64 | 3.0 | 8.00 | 66.00 | 74.00 | OK | |
| r-release-windows-x86_64 | 3.0 | 12.00 | 100.00 | 112.00 | OK | |
| r-oldrel-macos-arm64 | 3.0 | 4.00 | 37.00 | 41.00 | OK | |
| r-oldrel-macos-x86_64 | 3.0 | 6.00 | 53.00 | 59.00 | OK | |
| r-oldrel-windows-x86_64 | 3.0 | 13.00 | 116.00 | 129.00 | OK | 
Version: 3.0
Check: CRAN incoming feasibility
Result: NOTE
  Maintainer: ‘Richard A. Bilonick <rabilonick@gmail.com>’
  
  No Authors@R field in DESCRIPTION.
  Please add one, modifying
    Authors@R: person(given = c("Richard", "A."),
                      family = "Bilonick",
                      role = c("aut", "cre"),
                      email = "rabilonick@gmail.com")
  as necessary.
Flavors: r-devel-linux-x86_64-debian-clang, r-devel-linux-x86_64-debian-gcc