Last updated on 2025-10-31 02:50:36 CET.
| Flavor | Version | Tinstall | Tcheck | Ttotal | Status | Flags | 
|---|---|---|---|---|---|---|
| r-devel-linux-x86_64-debian-clang | 2.1.1 | 11.24 | 75.61 | 86.85 | NOTE | |
| r-devel-linux-x86_64-debian-gcc | 2.1.1 | 9.78 | 51.36 | 61.14 | NOTE | |
| r-devel-linux-x86_64-fedora-clang | 2.1.1 | 27.00 | 111.82 | 138.82 | OK | |
| r-devel-linux-x86_64-fedora-gcc | 2.1.1 | 27.00 | 105.48 | 132.48 | OK | |
| r-devel-windows-x86_64 | 2.1.1 | 15.00 | 84.00 | 99.00 | OK | |
| r-patched-linux-x86_64 | 2.1.1 | 12.92 | 71.96 | 84.88 | OK | |
| r-release-linux-x86_64 | 2.1.1 | 10.99 | 72.17 | 83.16 | OK | |
| r-release-macos-arm64 | 2.1.1 | 6.00 | 36.00 | 42.00 | OK | |
| r-release-macos-x86_64 | 2.1.1 | 15.00 | 65.00 | 80.00 | OK | |
| r-release-windows-x86_64 | 2.1.1 | 16.00 | 86.00 | 102.00 | OK | |
| r-oldrel-macos-arm64 | 2.1.1 | 6.00 | 30.00 | 36.00 | NOTE | |
| r-oldrel-macos-x86_64 | 2.1.1 | 9.00 | 47.00 | 56.00 | NOTE | |
| r-oldrel-windows-x86_64 | 2.1.1 | 19.00 | 114.00 | 133.00 | OK | 
Version: 2.1.1
Check: CRAN incoming feasibility
Result: NOTE
  Maintainer: ‘Jingyi Guo <jingyi.guo@ntnu.no>’
  
  No Authors@R field in DESCRIPTION.
  Please add one, modifying
    Authors@R: c(person(given = "Jingyi",
                        family = "Guo",
                        role = c("aut", "cre"),
                        email = "jingyi.guo@ntnu.no"),
                 person(given = "Andrea",
                        family = "Riebler",
                        role = "aut",
                        email = "andrea.riebler@ntnu.no"))
  as necessary.
Flavors: r-devel-linux-x86_64-debian-clang, r-devel-linux-x86_64-debian-gcc
Version: 2.1.1
Check: package dependencies
Result: NOTE
  Package suggested but not available for checking: ‘INLA’
Flavors: r-oldrel-macos-arm64, r-oldrel-macos-x86_64