CRAN Package Check Results for Package metapost

Last updated on 2025-07-24 02:52:17 CEST.

Flavor Version Tinstall Tcheck Ttotal Status Flags
r-devel-linux-x86_64-debian-clang 1.0-6 2.22 23.47 25.69 NOTE
r-devel-linux-x86_64-debian-gcc 1.0-6 1.78 19.28 21.06 NOTE
r-devel-linux-x86_64-fedora-clang 1.0-6 39.36 OK
r-devel-linux-x86_64-fedora-gcc 1.0-6 38.27 OK
r-devel-windows-x86_64 1.0-6 5.00 45.00 50.00 OK
r-patched-linux-x86_64 1.0-6 2.43 21.93 24.36 OK
r-release-linux-x86_64 1.0-6 2.24 22.25 24.49 OK
r-release-macos-arm64 1.0-6 33.00 OK
r-release-macos-x86_64 1.0-6 28.00 OK
r-release-windows-x86_64 1.0-6 4.00 51.00 55.00 OK
r-oldrel-macos-arm64 1.0-6 15.00 OK
r-oldrel-macos-x86_64 1.0-6 23.00 OK
r-oldrel-windows-x86_64 1.0-6 3.00 49.00 52.00 OK

Check Details

Version: 1.0-6
Check: CRAN incoming feasibility
Result: NOTE Maintainer: ‘Paul Murrell <paul@stat.auckland.ac.nz>’ No Authors@R field in DESCRIPTION. Please add one, modifying Authors@R: person(given = "Paul", family = "Murrell", role = c("aut", "cre"), email = "paul@stat.auckland.ac.nz") as necessary. Flavors: r-devel-linux-x86_64-debian-clang, r-devel-linux-x86_64-debian-gcc