Last updated on 2025-10-31 02:50:36 CET.
| Flavor | Version | Tinstall | Tcheck | Ttotal | Status | Flags | 
|---|---|---|---|---|---|---|
| r-devel-linux-x86_64-debian-clang | 1.2.0 | 14.39 | 127.20 | 141.59 | NOTE | |
| r-devel-linux-x86_64-debian-gcc | 1.2.0 | 9.71 | 91.99 | 101.70 | NOTE | |
| r-devel-linux-x86_64-fedora-clang | 1.2.0 | 32.00 | 187.24 | 219.24 | OK | |
| r-devel-linux-x86_64-fedora-gcc | 1.2.0 | 30.00 | 190.65 | 220.65 | OK | |
| r-devel-windows-x86_64 | 1.2.0 | 15.00 | 125.00 | 140.00 | NOTE | |
| r-patched-linux-x86_64 | 1.2.0 | 13.67 | 122.85 | 136.52 | NOTE | |
| r-release-linux-x86_64 | 1.2.0 | 11.48 | 120.65 | 132.13 | NOTE | |
| r-release-macos-arm64 | 1.2.0 | 5.00 | 51.00 | 56.00 | OK | |
| r-release-macos-x86_64 | 1.2.0 | 9.00 | 110.00 | 119.00 | OK | |
| r-release-windows-x86_64 | 1.2.0 | 15.00 | 124.00 | 139.00 | NOTE | |
| r-oldrel-macos-arm64 | 1.2.0 | 5.00 | 52.00 | 57.00 | OK | |
| r-oldrel-macos-x86_64 | 1.2.0 | 7.00 | 74.00 | 81.00 | OK | |
| r-oldrel-windows-x86_64 | 1.2.0 | 19.00 | 163.00 | 182.00 | OK | 
Version: 1.2.0
Check: Rd cross-references
Result: NOTE
  Found the following Rd file(s) with Rd \link{} targets missing package
  anchors:
    forest.metarep.Rd: forest.meta
  Please provide package anchors for all Rd \link{} targets not in the
  package itself and the base packages.
Flavors: r-devel-linux-x86_64-debian-clang, r-devel-linux-x86_64-debian-gcc, r-devel-windows-x86_64, r-patched-linux-x86_64, r-release-linux-x86_64, r-release-windows-x86_64