Last updated on 2025-10-31 02:50:36 CET.
| Flavor | Version | Tinstall | Tcheck | Ttotal | Status | Flags | 
|---|---|---|---|---|---|---|
| r-devel-linux-x86_64-debian-clang | 1.0-5 | 1.86 | 22.29 | 24.15 | NOTE | |
| r-devel-linux-x86_64-debian-gcc | 1.0-5 | 1.47 | 17.29 | 18.76 | NOTE | |
| r-devel-linux-x86_64-fedora-clang | 1.0-5 | 35.65 | OK | |||
| r-devel-linux-x86_64-fedora-gcc | 1.0-5 | 33.88 | OK | |||
| r-devel-windows-x86_64 | 1.0-5 | 3.00 | 38.00 | 41.00 | OK | |
| r-patched-linux-x86_64 | 1.0-5 | 2.03 | 21.82 | 23.85 | OK | |
| r-release-linux-x86_64 | 1.0-5 | 1.81 | 20.98 | 22.79 | OK | |
| r-release-macos-arm64 | 1.0-5 | 1.00 | 13.00 | 14.00 | OK | |
| r-release-macos-x86_64 | 1.0-5 | 2.00 | 23.00 | 25.00 | OK | |
| r-release-windows-x86_64 | 1.0-5 | 3.00 | 42.00 | 45.00 | OK | |
| r-oldrel-macos-arm64 | 1.0-5 | 1.00 | 13.00 | 14.00 | OK | |
| r-oldrel-macos-x86_64 | 1.0-5 | 2.00 | 20.00 | 22.00 | OK | |
| r-oldrel-windows-x86_64 | 1.0-5 | 2.00 | 39.00 | 41.00 | OK | 
Version: 1.0-5
Check: CRAN incoming feasibility
Result: NOTE
  Maintainer: ‘Ingmar Visser <i.visser@uva.nl>’
  
  No Authors@R field in DESCRIPTION.
  Please add one, modifying
    Authors@R: c(person(given = c("Hilde", "M.", "Huizenga", "&", "Ingmar"),
                        family = "Visser",
                        role = "aut"),
                 person(given = "Ingmar",
                        family = "Visser",
                        role = "cre",
                        email = "i.visser@uva.nl"))
  as necessary.
  
  Package CITATION file contains call(s) to old-style personList() or
  as.personList().  Please use c() on person objects instead.
  Package CITATION file contains call(s) to old-style citEntry().  Please
  use bibentry() instead.
Flavors: r-devel-linux-x86_64-debian-clang, r-devel-linux-x86_64-debian-gcc