Last updated on 2025-10-31 02:50:36 CET.
| Flavor | Version | Tinstall | Tcheck | Ttotal | Status | Flags | 
|---|---|---|---|---|---|---|
| r-devel-linux-x86_64-debian-clang | 1.1 | 8.01 | 81.85 | 89.86 | NOTE | |
| r-devel-linux-x86_64-debian-gcc | 1.1 | 5.87 | 60.59 | 66.46 | NOTE | |
| r-devel-linux-x86_64-fedora-clang | 1.1 | 18.00 | 119.57 | 137.57 | OK | |
| r-devel-linux-x86_64-fedora-gcc | 1.1 | 18.00 | 117.01 | 135.01 | OK | |
| r-devel-windows-x86_64 | 1.1 | 9.00 | 88.00 | 97.00 | OK | |
| r-patched-linux-x86_64 | 1.1 | 7.82 | 77.93 | 85.75 | OK | |
| r-release-linux-x86_64 | 1.1 | 8.89 | 77.56 | 86.45 | OK | |
| r-release-macos-arm64 | 1.1 | 4.00 | 38.00 | 42.00 | OK | |
| r-release-macos-x86_64 | 1.1 | 8.00 | 84.00 | 92.00 | OK | |
| r-release-windows-x86_64 | 1.1 | 9.00 | 92.00 | 101.00 | OK | |
| r-oldrel-macos-arm64 | 1.1 | 4.00 | 35.00 | 39.00 | OK | |
| r-oldrel-macos-x86_64 | 1.1 | 6.00 | 63.00 | 69.00 | OK | |
| r-oldrel-windows-x86_64 | 1.1 | 12.00 | 111.00 | 123.00 | OK | 
Version: 1.1
Check: CRAN incoming feasibility
Result: NOTE
  Maintainer: ‘Aurelie Bertrand <aurelie.bertrand@uclouvain.be>’
  
  No Authors@R field in DESCRIPTION.
  Please add one, modifying
    Authors@R: c(person(given = "Aurelie",
                        family = "Bertrand",
                        role = c("aut", "cre"),
                        email = "aurelie.bertrand@uclouvain.be"),
                 person(given = "Catherine",
                        family = "Legrand",
                        role = "aut"),
                 person(given = "Ingrid",
                        family = "Van Keilegom",
                        role = "aut"))
  as necessary.
Flavors: r-devel-linux-x86_64-debian-clang, r-devel-linux-x86_64-debian-gcc