Last updated on 2025-10-30 02:49:06 CET.
| Flavor | Version | Tinstall | Tcheck | Ttotal | Status | Flags |
|---|---|---|---|---|---|---|
| r-devel-linux-x86_64-debian-clang | 3.1.1 | 20.28 | 139.95 | 160.23 | NOTE | |
| r-devel-linux-x86_64-debian-gcc | 3.1.1 | 13.97 | 100.28 | 114.25 | NOTE | |
| r-devel-linux-x86_64-fedora-clang | 3.1.1 | 43.00 | 201.07 | 244.07 | NOTE | |
| r-devel-linux-x86_64-fedora-gcc | 3.1.1 | 90.00 | 175.70 | 265.70 | NOTE | |
| r-devel-windows-x86_64 | 3.1.1 | 19.00 | 154.00 | 173.00 | OK | |
| r-patched-linux-x86_64 | 3.1.1 | 24.56 | 133.57 | 158.13 | OK | |
| r-release-linux-x86_64 | 3.1.1 | 20.83 | 134.12 | 154.95 | OK | |
| r-release-macos-arm64 | 3.1.1 | 13.00 | 73.00 | 86.00 | OK | |
| r-release-macos-x86_64 | 3.1.1 | 20.00 | 135.00 | 155.00 | OK | |
| r-release-windows-x86_64 | 3.1.1 | 25.00 | 163.00 | 188.00 | OK | |
| r-oldrel-macos-arm64 | 3.1.1 | 11.00 | 73.00 | 84.00 | OK | |
| r-oldrel-macos-x86_64 | 3.1.1 | 20.00 | 154.00 | 174.00 | OK | |
| r-oldrel-windows-x86_64 | 3.1.1 | 29.00 | 194.00 | 223.00 | OK |
Version: 3.1.1
Check: Rd files
Result: NOTE
checkRd: (-1) panelDesc.Rd:139-224: Only 6 columns allowed in this table (row 46 has 5)
Flavors: r-devel-linux-x86_64-debian-clang, r-devel-linux-x86_64-debian-gcc, r-devel-linux-x86_64-fedora-clang, r-devel-linux-x86_64-fedora-gcc