Last updated on 2025-10-30 02:49:06 CET.
| Flavor | Version | Tinstall | Tcheck | Ttotal | Status | Flags |
|---|---|---|---|---|---|---|
| r-devel-linux-x86_64-debian-clang | 1.0.2 | 3.74 | 59.01 | 62.75 | OK | |
| r-devel-linux-x86_64-debian-gcc | 1.0.2 | 3.00 | 44.52 | 47.52 | OK | |
| r-devel-linux-x86_64-fedora-clang | 1.0.2 | 96.68 | OK | |||
| r-devel-linux-x86_64-fedora-gcc | 1.0.2 | 101.15 | OK | |||
| r-devel-windows-x86_64 | 1.0.2 | 7.00 | 80.00 | 87.00 | OK | |
| r-patched-linux-x86_64 | 1.0.2 | 4.28 | 52.41 | 56.69 | OK | |
| r-release-linux-x86_64 | 1.0.2 | 4.18 | 52.44 | 56.62 | OK | |
| r-release-macos-arm64 | 1.0.2 | 2.00 | 43.00 | 45.00 | OK | |
| r-release-macos-x86_64 | 1.0.2 | 9.00 | 71.00 | 80.00 | OK | |
| r-release-windows-x86_64 | 1.0.2 | 9.00 | 75.00 | 84.00 | OK | |
| r-oldrel-macos-arm64 | 1.0.2 | 2.00 | 50.00 | 52.00 | NOTE | |
| r-oldrel-macos-x86_64 | 1.0.2 | 4.00 | 53.00 | 57.00 | NOTE | |
| r-oldrel-windows-x86_64 | 1.0.2 | 11.00 | 83.00 | 94.00 | NOTE |
Version: 1.0.2
Check: package dependencies
Result: NOTE
Package suggested but not available for checking: ‘midfielddata’
Flavors: r-oldrel-macos-arm64, r-oldrel-macos-x86_64, r-oldrel-windows-x86_64