Last updated on 2025-10-31 02:50:36 CET.
| Flavor | Version | Tinstall | Tcheck | Ttotal | Status | Flags | 
|---|---|---|---|---|---|---|
| r-devel-linux-x86_64-debian-clang | 0.3.1 | 1.94 | 28.41 | 30.35 | NOTE | |
| r-devel-linux-x86_64-debian-gcc | 0.3.1 | 1.74 | 22.55 | 24.29 | NOTE | |
| r-devel-linux-x86_64-fedora-clang | 0.3.1 | 41.88 | OK | |||
| r-devel-linux-x86_64-fedora-gcc | 0.3.1 | 40.17 | OK | |||
| r-devel-windows-x86_64 | 0.3.1 | 3.00 | 54.00 | 57.00 | OK | |
| r-patched-linux-x86_64 | 0.3.1 | 2.50 | 25.52 | 28.02 | OK | |
| r-release-linux-x86_64 | 0.3.1 | 1.86 | 25.72 | 27.58 | OK | |
| r-release-macos-arm64 | 0.3.1 | 1.00 | 18.00 | 19.00 | OK | |
| r-release-macos-x86_64 | 0.3.1 | 2.00 | 30.00 | 32.00 | OK | |
| r-release-windows-x86_64 | 0.3.1 | 3.00 | 53.00 | 56.00 | OK | |
| r-oldrel-macos-arm64 | 0.3.1 | 1.00 | 19.00 | 20.00 | OK | |
| r-oldrel-macos-x86_64 | 0.3.1 | 2.00 | 26.00 | 28.00 | OK | |
| r-oldrel-windows-x86_64 | 0.3.1 | 5.00 | 54.00 | 59.00 | OK | 
Version: 0.3.1
Check: CRAN incoming feasibility
Result: NOTE
  Maintainer: ‘Gergely Daróczi <daroczig@rapporter.net>’
  
  No Authors@R field in DESCRIPTION.
  Please add one, modifying
    Authors@R: c(person(given = "Lajos",
                        family = "Bálint",
                        role = "aut",
                        email = "balint@demografia.hu"),
                 person(given = "Gergely",
                        family = "Daróczi",
                        role = c("aut", "cre"),
                        email = "daroczig@rapporter.net"))
  as necessary.
  
  Package CITATION file contains call(s) to old-style citEntry().  Please
  use bibentry() instead.
Flavors: r-devel-linux-x86_64-debian-clang, r-devel-linux-x86_64-debian-gcc