Last updated on 2025-10-31 02:50:36 CET.
| Flavor | Version | Tinstall | Tcheck | Ttotal | Status | Flags | 
|---|---|---|---|---|---|---|
| r-devel-linux-x86_64-debian-clang | 1.0.0 | 6.04 | 64.02 | 70.06 | NOTE | |
| r-devel-linux-x86_64-debian-gcc | 1.0.0 | 4.86 | 48.02 | 52.88 | NOTE | |
| r-devel-linux-x86_64-fedora-clang | 1.0.0 | 16.00 | 90.93 | 106.93 | OK | |
| r-devel-linux-x86_64-fedora-gcc | 1.0.0 | 14.00 | 86.17 | 100.17 | OK | |
| r-devel-windows-x86_64 | 1.0.0 | 8.00 | 75.00 | 83.00 | OK | |
| r-patched-linux-x86_64 | 1.0.0 | 6.42 | 60.61 | 67.03 | OK | |
| r-release-linux-x86_64 | 1.0.0 | 7.03 | 60.20 | 67.23 | OK | |
| r-release-macos-arm64 | 1.0.0 | 3.00 | 31.00 | 34.00 | OK | |
| r-release-macos-x86_64 | 1.0.0 | 8.00 | 65.00 | 73.00 | OK | |
| r-release-windows-x86_64 | 1.0.0 | 8.00 | 78.00 | 86.00 | OK | |
| r-oldrel-macos-arm64 | 1.0.0 | 3.00 | 29.00 | 32.00 | OK | |
| r-oldrel-macos-x86_64 | 1.0.0 | 9.00 | 44.00 | 53.00 | OK | |
| r-oldrel-windows-x86_64 | 1.0.0 | 10.00 | 94.00 | 104.00 | OK | 
Version: 1.0.0
Check: CRAN incoming feasibility
Result: NOTE
  Maintainer: ‘Faisal Maqbool Zahid <faisalmz99@yahoo.com>’
  
  No Authors@R field in DESCRIPTION.
  Please add one, modifying
    Authors@R: person(given = c("Faisal", "Maqbool"),
                      family = "Zahid",
                      role = c("aut", "cre"),
                      email = "faisalmz99@yahoo.com")
  as necessary.
Flavors: r-devel-linux-x86_64-debian-clang, r-devel-linux-x86_64-debian-gcc