Last updated on 2025-10-31 02:50:36 CET.
| Flavor | Version | Tinstall | Tcheck | Ttotal | Status | Flags | 
|---|---|---|---|---|---|---|
| r-devel-linux-x86_64-debian-clang | 1.0.1 | 52.74 | 419.43 | 472.17 | OK | |
| r-devel-linux-x86_64-debian-gcc | 1.0.1 | 40.46 | 294.28 | 334.74 | OK | |
| r-devel-linux-x86_64-fedora-clang | 1.0.1 | 421.00 | 433.19 | 854.19 | OK | |
| r-devel-linux-x86_64-fedora-gcc | 1.0.1 | 421.00 | 385.32 | 806.32 | OK | |
| r-devel-windows-x86_64 | 1.0.1 | 56.00 | 340.00 | 396.00 | OK | |
| r-patched-linux-x86_64 | 1.0.1 | 0.32 | 1.93 | 2.25 | ERROR | |
| r-release-linux-x86_64 | 1.0.1 | 53.49 | 400.40 | 453.89 | OK | |
| r-release-macos-arm64 | 1.0.1 | 24.00 | 153.00 | 177.00 | OK | |
| r-release-macos-x86_64 | 1.0.1 | 52.00 | 360.00 | 412.00 | OK | |
| r-release-windows-x86_64 | 1.0.1 | 54.00 | 340.00 | 394.00 | OK | |
| r-oldrel-macos-arm64 | 1.0.1 | 23.00 | 115.00 | 138.00 | OK | |
| r-oldrel-macos-x86_64 | 1.0.1 | 46.00 | 193.00 | 239.00 | OK | |
| r-oldrel-windows-x86_64 | 1.0.1 | 73.00 | 478.00 | 551.00 | OK | 
Version: 1.0.1
Check: package dependencies
Result: ERROR
  Packages required but not available:
    'scran', 'SingleCellExperiment', 'scuttle'
  
  See section ‘The DESCRIPTION file’ in the ‘Writing R Extensions’
  manual.
Flavor: r-patched-linux-x86_64