Last updated on 2025-10-30 02:49:06 CET.
| Flavor | Version | Tinstall | Tcheck | Ttotal | Status | Flags | 
|---|---|---|---|---|---|---|
| r-devel-linux-x86_64-debian-clang | 1.0.0 | 1.74 | 32.12 | 33.86 | NOTE | |
| r-devel-linux-x86_64-debian-gcc | 1.0.0 | 1.35 | 23.47 | 24.82 | NOTE | |
| r-devel-linux-x86_64-fedora-clang | 1.0.0 | 50.72 | NOTE | |||
| r-devel-linux-x86_64-fedora-gcc | 1.0.0 | 48.75 | NOTE | |||
| r-devel-windows-x86_64 | 1.0.0 | 2.00 | 48.00 | 50.00 | NOTE | |
| r-patched-linux-x86_64 | 1.0.0 | 1.64 | 30.11 | 31.75 | NOTE | |
| r-release-linux-x86_64 | 1.0.0 | 1.68 | 30.07 | 31.75 | NOTE | |
| r-release-macos-arm64 | 1.0.0 | 1.00 | 19.00 | 20.00 | NOTE | |
| r-release-macos-x86_64 | 1.0.0 | 2.00 | 28.00 | 30.00 | NOTE | |
| r-release-windows-x86_64 | 1.0.0 | 4.00 | 50.00 | 54.00 | NOTE | |
| r-oldrel-macos-arm64 | 1.0.0 | 1.00 | 17.00 | 18.00 | NOTE | |
| r-oldrel-macos-x86_64 | 1.0.0 | 1.00 | 24.00 | 25.00 | NOTE | |
| r-oldrel-windows-x86_64 | 1.0.0 | 3.00 | 59.00 | 62.00 | NOTE | 
Version: 1.0.0
Check: CRAN incoming feasibility
Result: NOTE
  Maintainer: ‘Josmar Mazucheli <jmazucheli@gmail.com>’
  
  No Authors@R field in DESCRIPTION.
  Please add one, modifying
    Authors@R: person(given = "Josmar",
                      family = "Mazucheli",
                      role = c("aut", "cre"),
                      email = "jmazucheli@gmail.com")
  as necessary.
Flavors: r-devel-linux-x86_64-debian-clang, r-devel-linux-x86_64-debian-gcc
Version: 1.0.0
Check: package subdirectories
Result: NOTE
  Problems with news in ‘NEWS.md’:
  No news entries found.
Flavors: r-devel-linux-x86_64-debian-clang, r-devel-linux-x86_64-debian-gcc, r-devel-linux-x86_64-fedora-clang, r-devel-linux-x86_64-fedora-gcc, r-devel-windows-x86_64, r-patched-linux-x86_64, r-release-linux-x86_64, r-release-macos-arm64, r-release-macos-x86_64, r-release-windows-x86_64, r-oldrel-macos-arm64, r-oldrel-macos-x86_64, r-oldrel-windows-x86_64