Last updated on 2025-10-30 02:49:06 CET.
| Flavor | Version | Tinstall | Tcheck | Ttotal | Status | Flags | 
|---|---|---|---|---|---|---|
| r-devel-linux-x86_64-debian-clang | 1.0-8 | 5.88 | 198.31 | 204.19 | NOTE | |
| r-devel-linux-x86_64-debian-gcc | 1.0-8 | 4.24 | 156.22 | 160.46 | NOTE | |
| r-devel-linux-x86_64-fedora-clang | 1.0-8 | 12.00 | 316.58 | 328.58 | OK | |
| r-devel-linux-x86_64-fedora-gcc | 1.0-8 | 15.00 | 346.49 | 361.49 | OK | |
| r-devel-windows-x86_64 | 1.0-8 | 7.00 | 291.00 | 298.00 | OK | |
| r-patched-linux-x86_64 | 1.0-8 | 5.87 | 210.30 | 216.17 | OK | |
| r-release-linux-x86_64 | 1.0-8 | 5.70 | 209.91 | 215.61 | OK | |
| r-release-macos-arm64 | 1.0-8 | 3.00 | 132.00 | 135.00 | OK | |
| r-release-macos-x86_64 | 1.0-8 | 6.00 | 248.00 | 254.00 | OK | |
| r-release-windows-x86_64 | 1.0-8 | 7.00 | 302.00 | 309.00 | OK | |
| r-oldrel-macos-arm64 | 1.0-8 | 4.00 | 157.00 | 161.00 | OK | |
| r-oldrel-macos-x86_64 | 1.0-8 | 5.00 | 227.00 | 232.00 | OK | |
| r-oldrel-windows-x86_64 | 1.0-8 | 10.00 | 357.00 | 367.00 | OK | 
Version: 1.0-8
Check: CRAN incoming feasibility
Result: NOTE
  Maintainer: ‘Steve Walker <steve.walker@utoronto.ca>’
  
  No Authors@R field in DESCRIPTION.
  Please add one, modifying
    Authors@R: c(person(given = "Douglas",
                        family = "Bates",
                        role = "aut",
                        email = "bates@stat.wisc.edu"),
                 person(given = "Martin",
                        family = "Maechler",
                        role = "aut",
                        email = "maechler@R-project.org"),
                 person(given = "Ben",
                        family = "Bolker",
                        role = "aut",
                        email = "bolker@mcmaster.ca"),
                 person(given = "Steve",
                        family = "Walker",
                        role = "cre",
                        email = "steve.walker@utoronto.ca"))
  as necessary.
Flavors: r-devel-linux-x86_64-debian-clang, r-devel-linux-x86_64-debian-gcc