Last updated on 2025-10-31 02:50:36 CET.
| Flavor | Version | Tinstall | Tcheck | Ttotal | Status | Flags | 
|---|---|---|---|---|---|---|
| r-devel-linux-x86_64-debian-clang | 4.6.3 | 2036.72 | 61.11 | 2097.83 | OK | |
| r-devel-linux-x86_64-debian-gcc | 4.6.3 | 1482.05 | 43.07 | 1525.12 | OK | |
| r-devel-linux-x86_64-fedora-clang | 4.6.3 | 1440.00 | 2222.74 | 3662.74 | OK | |
| r-devel-linux-x86_64-fedora-gcc | 4.6.3 | 1560.00 | 2632.49 | 4192.49 | OK | |
| r-devel-windows-x86_64 | 4.6.3 | 2045.00 | 216.00 | 2261.00 | OK | |
| r-patched-linux-x86_64 | 4.6.3 | 2123.95 | 56.88 | 2180.83 | OK | |
| r-release-linux-x86_64 | 4.6.3 | 2101.53 | 57.30 | 2158.83 | OK | |
| r-release-macos-arm64 | 4.6.3 | 840.00 | 32.00 | 872.00 | OK | |
| r-release-macos-x86_64 | 4.6.3 | 660.00 | 22.00 | 682.00 | OK | |
| r-release-windows-x86_64 | 4.6.3 | 2084.00 | 227.00 | 2311.00 | OK | |
| r-oldrel-macos-arm64 | 4.6.3 | 840.00 | 15.00 | 855.00 | NOTE | |
| r-oldrel-macos-x86_64 | 4.6.3 | 600.00 | 103.00 | 703.00 | NOTE | |
| r-oldrel-windows-x86_64 | 4.6.3 | 2454.00 | 318.00 | 2772.00 | NOTE | 
Version: 4.6.3
Check: installed package size
Result: NOTE
    installed size is 243.5Mb
    sub-directories of 1Mb or more:
      include   10.6Mb
      libs     232.5Mb
Flavors: r-oldrel-macos-arm64, r-oldrel-macos-x86_64, r-oldrel-windows-x86_64