Last updated on 2025-10-31 02:50:36 CET.
| Flavor | Version | Tinstall | Tcheck | Ttotal | Status | Flags | 
|---|---|---|---|---|---|---|
| r-devel-linux-x86_64-debian-clang | 2.0.3 | 46.65 | 29.78 | 76.43 | NOTE | |
| r-devel-linux-x86_64-debian-gcc | 2.0.3 | 33.31 | 27.65 | 60.96 | NOTE | |
| r-devel-linux-x86_64-fedora-clang | 2.0.3 | 68.00 | 54.44 | 122.44 | NOTE | |
| r-devel-linux-x86_64-fedora-gcc | 2.0.3 | 94.00 | 38.04 | 132.04 | NOTE | |
| r-devel-windows-x86_64 | 2.0.3 | 53.00 | 71.00 | 124.00 | NOTE | |
| r-patched-linux-x86_64 | 2.0.3 | 48.94 | 32.41 | 81.35 | NOTE | |
| r-release-linux-x86_64 | 2.0.3 | 46.50 | 32.42 | 78.92 | NOTE | |
| r-release-macos-arm64 | 2.0.3 | 20.00 | 19.00 | 39.00 | NOTE | |
| r-release-macos-x86_64 | 2.0.3 | 33.00 | 38.00 | 71.00 | NOTE | |
| r-release-windows-x86_64 | 2.0.3 | 56.00 | 72.00 | 128.00 | NOTE | |
| r-oldrel-macos-arm64 | 2.0.3 | 19.00 | 17.00 | 36.00 | NOTE | |
| r-oldrel-macos-x86_64 | 2.0.3 | 27.00 | 25.00 | 52.00 | NOTE | |
| r-oldrel-windows-x86_64 | 2.0.3 | 66.00 | 87.00 | 153.00 | NOTE | 
Version: 2.0.3
Check: CRAN incoming feasibility
Result: NOTE
  Maintainer: ‘Felix Held <felix.held@gmail.com>’
  
  The Description field contains
    <arXiv:1911.04927>.
  Please refer to arXiv e-prints via their arXiv DOI <doi:10.48550/arXiv.YYMM.NNNNN>.
Flavors: r-devel-linux-x86_64-debian-clang, r-devel-linux-x86_64-debian-gcc
Version: 2.0.3
Check: C++ specification
Result: NOTE
    Specified C++14: please drop specification unless essential
Flavors: r-devel-linux-x86_64-debian-clang, r-devel-linux-x86_64-debian-gcc, r-devel-linux-x86_64-fedora-clang, r-devel-linux-x86_64-fedora-gcc, r-devel-windows-x86_64, r-patched-linux-x86_64, r-release-linux-x86_64, r-release-macos-arm64, r-release-macos-x86_64, r-release-windows-x86_64, r-oldrel-macos-arm64, r-oldrel-macos-x86_64, r-oldrel-windows-x86_64
Version: 2.0.3
Check: installed package size
Result: NOTE
    installed size is 29.9Mb
    sub-directories of 1Mb or more:
      libs  29.8Mb
Flavors: r-oldrel-macos-arm64, r-oldrel-macos-x86_64