Last updated on 2025-10-31 02:50:36 CET.
| Flavor | Version | Tinstall | Tcheck | Ttotal | Status | Flags | 
|---|---|---|---|---|---|---|
| r-devel-linux-x86_64-debian-clang | 0.4.2 | 7.72 | 60.39 | 68.11 | NOTE | |
| r-devel-linux-x86_64-debian-gcc | 0.4.2 | 5.25 | 44.62 | 49.87 | NOTE | |
| r-devel-linux-x86_64-fedora-clang | 0.4.2 | 20.00 | 83.86 | 103.86 | OK | |
| r-devel-linux-x86_64-fedora-gcc | 0.4.2 | 14.00 | 82.76 | 96.76 | OK | |
| r-devel-windows-x86_64 | 0.4.2 | 8.00 | 70.00 | 78.00 | OK | |
| r-patched-linux-x86_64 | 0.4.2 | 7.48 | 57.60 | 65.08 | OK | |
| r-release-linux-x86_64 | 0.4.2 | 6.41 | 57.67 | 64.08 | OK | |
| r-release-macos-arm64 | 0.4.2 | 5.00 | 38.00 | 43.00 | OK | |
| r-release-macos-x86_64 | 0.4.2 | 8.00 | 56.00 | 64.00 | OK | |
| r-release-windows-x86_64 | 0.4.2 | 9.00 | 74.00 | 83.00 | OK | |
| r-oldrel-macos-arm64 | 0.4.2 | 4.00 | 30.00 | 34.00 | OK | |
| r-oldrel-macos-x86_64 | 0.4.2 | 6.00 | 43.00 | 49.00 | OK | |
| r-oldrel-windows-x86_64 | 0.4.2 | 11.00 | 85.00 | 96.00 | OK | 
Version: 0.4.2
Check: CRAN incoming feasibility
Result: NOTE
  Maintainer: ‘WenSui Liu <liuwensui@gmail.com>’
  
  No Authors@R field in DESCRIPTION.
  Please add one, modifying
    Authors@R: person(given = "WenSui",
                      family = "Liu",
                      role = c("aut", "cre"),
                      email = "liuwensui@gmail.com")
  as necessary.
Flavors: r-devel-linux-x86_64-debian-clang, r-devel-linux-x86_64-debian-gcc