Last updated on 2025-10-30 02:49:07 CET.
| Flavor | Version | Tinstall | Tcheck | Ttotal | Status | Flags | 
|---|---|---|---|---|---|---|
| r-devel-linux-x86_64-debian-clang | 4.0.2 | 33.97 | 131.80 | 165.77 | NOTE | |
| r-devel-linux-x86_64-debian-gcc | 4.0.2 | 22.33 | 92.32 | 114.65 | NOTE | |
| r-devel-linux-x86_64-fedora-clang | 4.0.2 | 86.00 | 178.08 | 264.08 | OK | |
| r-devel-linux-x86_64-fedora-gcc | 4.0.2 | 79.00 | 169.67 | 248.67 | OK | |
| r-devel-windows-x86_64 | 4.0.2 | 51.00 | 153.00 | 204.00 | OK | |
| r-patched-linux-x86_64 | 4.0.2 | 34.20 | 120.94 | 155.14 | OK | |
| r-release-linux-x86_64 | 4.0.2 | 33.10 | 123.00 | 156.10 | OK | |
| r-release-macos-arm64 | 4.0.2 | 15.00 | 60.00 | 75.00 | OK | |
| r-release-macos-x86_64 | 4.0.2 | 27.00 | 122.00 | 149.00 | OK | |
| r-release-windows-x86_64 | 4.0.2 | 42.00 | 156.00 | 198.00 | OK | |
| r-oldrel-macos-arm64 | 4.0.2 | 16.00 | 60.00 | 76.00 | NOTE | |
| r-oldrel-macos-x86_64 | 4.0.2 | 29.00 | 93.00 | 122.00 | NOTE | |
| r-oldrel-windows-x86_64 | 4.0.2 | 49.00 | 203.00 | 252.00 | OK | 
Version: 4.0.2
Check: CRAN incoming feasibility
Result: NOTE
  Maintainer: ‘Yuanming Zhang<soyzhang@mail.hzau.edu.cn>’
  
  No Authors@R field in DESCRIPTION.
  Please add one, modifying
    Authors@R: c(person(given = "Zhang",
                        family = "Ya-Wen",
                        role = "aut"),
                 person(given = "Li",
                        family = "Pei",
                        role = "aut"),
                 person(given = "Zhang",
                        family = "Yuan-Ming",
                        role = "aut"),
                 person(given = "Yuanming",
                        family = "Zhang",
                        role = "cre",
                        email = "soyzhang@mail.hzau.edu.cn"))
  as necessary.
Flavors: r-devel-linux-x86_64-debian-clang, r-devel-linux-x86_64-debian-gcc
Version: 4.0.2
Check: installed package size
Result: NOTE
    installed size is  5.2Mb
    sub-directories of 1Mb or more:
      extdata   1.7Mb
      libs      2.3Mb
Flavors: r-oldrel-macos-arm64, r-oldrel-macos-x86_64