Last updated on 2025-10-30 02:49:07 CET.
| Flavor | Version | Tinstall | Tcheck | Ttotal | Status | Flags | 
|---|---|---|---|---|---|---|
| r-devel-linux-x86_64-debian-clang | 5.0.1 | 43.25 | 152.91 | 196.16 | NOTE | |
| r-devel-linux-x86_64-debian-gcc | 5.0.1 | 26.63 | 105.03 | 131.66 | NOTE | |
| r-devel-linux-x86_64-fedora-clang | 5.0.1 | 105.00 | 210.33 | 315.33 | NOTE | |
| r-devel-linux-x86_64-fedora-gcc | 5.0.1 | 93.00 | 200.85 | 293.85 | NOTE | |
| r-devel-windows-x86_64 | 5.0.1 | 45.00 | 170.00 | 215.00 | NOTE | |
| r-patched-linux-x86_64 | 5.0.1 | 41.92 | 142.92 | 184.84 | NOTE | |
| r-release-linux-x86_64 | 5.0.1 | 38.77 | 143.99 | 182.76 | NOTE | |
| r-release-macos-arm64 | 5.0.1 | 21.00 | 90.00 | 111.00 | NOTE | |
| r-release-macos-x86_64 | 5.0.1 | 38.00 | 147.00 | 185.00 | NOTE | |
| r-release-windows-x86_64 | 5.0.1 | 49.00 | 174.00 | 223.00 | NOTE | |
| r-oldrel-macos-arm64 | 5.0.1 | 18.00 | 65.00 | 83.00 | NOTE | |
| r-oldrel-macos-x86_64 | 5.0.1 | 28.00 | 107.00 | 135.00 | NOTE | |
| r-oldrel-windows-x86_64 | 5.0.1 | 61.00 | 225.00 | 286.00 | NOTE | 
Version: 5.0.1
Check: Rd files
Result: NOTE
  checkRd: (-1) MultiManhattan.Rd:33: Lost braces; missing escapes or markup?
      33 |         \item{LogTimes}{Magnification of {-log10(P-value)}; the default is
         |                                          ^
  checkRd: (-1) MultiManhattan.Rd:35: Lost braces; missing escapes or markup?
      35 |     \item{LODTimes}{Magnification of {LOD score}; the default is 1.2.}
         |                                      ^
Flavors: r-devel-linux-x86_64-debian-clang, r-devel-linux-x86_64-debian-gcc, r-devel-linux-x86_64-fedora-clang, r-devel-linux-x86_64-fedora-gcc, r-devel-windows-x86_64, r-patched-linux-x86_64, r-release-linux-x86_64, r-release-macos-arm64, r-release-macos-x86_64, r-release-windows-x86_64, r-oldrel-macos-arm64, r-oldrel-macos-x86_64, r-oldrel-windows-x86_64
Version: 5.0.1
Check: installed package size
Result: NOTE
    installed size is  5.2Mb
    sub-directories of 1Mb or more:
      extdata   1.7Mb
      libs      2.3Mb
Flavors: r-oldrel-macos-arm64, r-oldrel-macos-x86_64